Last updated on 2025-05-25 04:50:36 CEST.
Flavor | Version | Tinstall | Tcheck | Ttotal | Status | Flags |
---|---|---|---|---|---|---|
r-devel-linux-x86_64-debian-clang | 0.0.7 | 9.88 | 57.31 | 67.19 | OK | |
r-devel-linux-x86_64-debian-gcc | 0.0.7 | 5.77 | 38.57 | 44.34 | OK | |
r-devel-linux-x86_64-fedora-clang | 0.0.7 | 96.15 | OK | |||
r-devel-linux-x86_64-fedora-gcc | 0.0.7 | 109.86 | OK | |||
r-devel-windows-x86_64 | 0.0.7 | 12.00 | 144.00 | 156.00 | OK | |
r-patched-linux-x86_64 | 0.0.7 | 8.60 | 56.38 | 64.98 | OK | |
r-release-linux-x86_64 | 0.0.7 | 12.71 | 57.34 | 70.05 | OK | |
r-release-macos-arm64 | 0.0.7 | 82.00 | OK | |||
r-release-macos-x86_64 | 0.0.7 | 189.00 | OK | |||
r-release-windows-x86_64 | 0.0.7 | 10.00 | 86.00 | 96.00 | OK | |
r-oldrel-macos-arm64 | 0.0.7 | 144.00 | OK | |||
r-oldrel-macos-x86_64 | 0.0.7 | 172.00 | OK | |||
r-oldrel-windows-x86_64 | 0.0.7 | 15.00 | 97.00 | 112.00 | ERROR |
Version: 0.0.7
Check: re-building of vignette outputs
Result: ERROR
Error(s) in re-building vignettes:
--- re-building 'wcde.Rmd' using rmarkdown
Quitting from wcde.Rmd:226-228 [unnamed-chunk-21]
~~~~~~~~~~~~~~~~~~~~~~~~~~~~~~~~~~~~~~~~~~~~~~~~~~~~~~~~~~~~~~~~~~~~~~~~~~~~~~~~
NULL
~~~~~~~~~~~~~~~~~~~~~~~~~~~~~~~~~~~~~~~~~~~~~~~~~~~~~~~~~~~~~~~~~~~~~~~~~~~~~~~~
Error: processing vignette 'wcde.Rmd' failed with diagnostics:
ℹ In argument: `d = purrr::map(.x = u, .f = ~read_with_progress(f =
.x))`.
Caused by error in `purrr::map()`:
ℹ In index: 4.
Caused by error in `readRDS()`:
! cannot open the connection to 'https://wicshiny2023.iiasa.ac.at/wcde-data/wcde-v3-single/2/pop-sex-edattain/900.rds'
--- failed re-building 'wcde.Rmd'
SUMMARY: processing the following file failed:
'wcde.Rmd'
Error: Vignette re-building failed.
Execution halted
Flavor: r-oldrel-windows-x86_64