Last updated on 2025-05-10 00:49:07 CEST.
Flavor | Version | Tinstall | Tcheck | Ttotal | Status | Flags |
---|---|---|---|---|---|---|
r-devel-linux-x86_64-debian-clang | 0.4-02 | 1.87 | 17.74 | 19.61 | NOTE | |
r-devel-linux-x86_64-debian-gcc | 0.4-02 | 1.50 | 14.24 | 15.74 | NOTE | |
r-devel-linux-x86_64-fedora-clang | 0.4-02 | 30.17 | OK | |||
r-devel-linux-x86_64-fedora-gcc | 0.4-02 | 28.86 | OK | |||
r-devel-windows-x86_64 | 0.4-02 | 3.00 | 37.00 | 40.00 | OK | |
r-patched-linux-x86_64 | 0.4-02 | 1.78 | 16.64 | 18.42 | OK | |
r-release-linux-x86_64 | 0.4-02 | 1.73 | 16.77 | 18.50 | OK | |
r-release-macos-arm64 | 0.4-02 | 14.00 | OK | |||
r-release-macos-x86_64 | 0.4-02 | 29.00 | OK | |||
r-release-windows-x86_64 | 0.4-02 | 3.00 | 40.00 | 43.00 | OK | |
r-oldrel-macos-arm64 | 0.4-02 | 13.00 | OK | |||
r-oldrel-macos-x86_64 | 0.4-02 | 19.00 | OK | |||
r-oldrel-windows-x86_64 | 0.4-02 | 3.00 | 36.00 | 39.00 | OK |
Version: 0.4-02
Check: CRAN incoming feasibility
Result: NOTE
Maintainer: ‘Emmanuel Lazaridis <emmanuel@lazaridis.eu>’
Found the following \keyword or \concept entries
which likely give several index terms:
File ‘duplicate.Rd’:
\keyword{duplicate,}
\keyword{duplicated,}
\keyword{repeat,}
File ‘not-in.Rd’:
\keyword{time,}
File ‘orphan.Rd’:
\keyword{orphan,}
File ‘triplicate.Rd’:
\keyword{repeat,}
\keyword{triplicate,}
\keyword{triplicated,}
File ‘triplicated.Rd’:
\keyword{repeat,}
\keyword{triplicate,}
\keyword{triplicated,}
File ‘tuplicate.Rd’:
\keyword{n-replicate,}
\keyword{n-replicated,}
\keyword{repeat,}
\keyword{repeated,}
File ‘tuplicated.Rd’:
\keyword{n-replicate,}
\keyword{n-replicated,}
\keyword{repeat,}
\keyword{repeated,}
Flavors: r-devel-linux-x86_64-debian-clang, r-devel-linux-x86_64-debian-gcc