Last updated on 2025-05-10 04:51:58 CEST.
Flavor | Version | Tinstall | Tcheck | Ttotal | Status | Flags |
---|---|---|---|---|---|---|
r-devel-linux-x86_64-debian-clang | 0.1.0 | 4.38 | 97.51 | 101.89 | NOTE | |
r-devel-linux-x86_64-debian-gcc | 0.1.0 | 2.81 | 64.99 | 67.80 | NOTE | |
r-devel-linux-x86_64-fedora-clang | 0.1.0 | 163.43 | OK | |||
r-devel-linux-x86_64-fedora-gcc | 0.1.0 | 174.89 | OK | |||
r-devel-windows-x86_64 | 0.1.0 | 6.00 | 200.00 | 206.00 | OK | |
r-patched-linux-x86_64 | 0.1.0 | 5.32 | 93.12 | 98.44 | OK | |
r-release-linux-x86_64 | 0.1.0 | 3.94 | 91.99 | 95.93 | OK | |
r-release-macos-arm64 | 0.1.0 | 56.00 | OK | |||
r-release-macos-x86_64 | 0.1.0 | 110.00 | OK | |||
r-release-windows-x86_64 | 0.1.0 | 5.00 | 127.00 | 132.00 | OK | |
r-oldrel-macos-arm64 | 0.1.0 | 58.00 | OK | |||
r-oldrel-macos-x86_64 | 0.1.0 | 127.00 | OK | |||
r-oldrel-windows-x86_64 | 0.1.0 | 5.00 | 163.00 | 168.00 | OK |
Version: 0.1.0
Check: DESCRIPTION meta-information
Result: NOTE
Author field differs from that derived from Authors@R
Author: ‘Lukas Soenning [aut, cre, cph] (<https://orcid.org/0000-0002-2705-395X>), German Research Foundation (DFG) [fnd] (018mejw64, Grant number 548274092)’
Authors@R: ‘Lukas Soenning [aut, cre, cph] (ORCID: <https://orcid.org/0000-0002-2705-395X>), German Research Foundation (DFG) [fnd] (ROR: <https://ror.org/018mejw64>, Grant number 548274092)’
Flavors: r-devel-linux-x86_64-debian-clang, r-devel-linux-x86_64-debian-gcc