Last updated on 2025-02-05 11:50:33 CET.
Flavor | Version | Tinstall | Tcheck | Ttotal | Status | Flags |
---|---|---|---|---|---|---|
r-devel-linux-x86_64-debian-clang | 0.1.0 | 9.15 | 106.32 | 115.47 | OK | |
r-devel-linux-x86_64-debian-gcc | 0.1.0 | 6.33 | 82.94 | 89.27 | OK | |
r-devel-linux-x86_64-fedora-clang | 0.1.0 | 206.08 | OK | |||
r-devel-linux-x86_64-fedora-gcc | 0.1.0 | 196.19 | OK | |||
r-devel-windows-x86_64 | 0.1.0 | 10.00 | 132.00 | 142.00 | OK | |
r-patched-linux-x86_64 | 0.1.0 | 8.93 | 101.20 | 110.13 | OK | |
r-release-linux-x86_64 | 0.1.0 | 8.09 | 102.54 | 110.63 | OK | |
r-release-macos-arm64 | 0.1.0 | 74.00 | OK | |||
r-release-macos-x86_64 | 0.1.0 | 157.00 | OK | |||
r-release-windows-x86_64 | 0.1.0 | 11.00 | 137.00 | 148.00 | OK | |
r-oldrel-macos-arm64 | 0.1.0 | 73.00 | OK | |||
r-oldrel-macos-x86_64 | 0.1.0 | 11.00 | ERROR | |||
r-oldrel-windows-x86_64 | 0.1.0 | 14.00 | 150.00 | 164.00 | OK |
Version: 0.1.0
Check: package dependencies
Result: ERROR
Package required and available but unsuitable version: ‘worcs’
See section ‘The DESCRIPTION file’ in the ‘Writing R Extensions’
manual.
Flavor: r-oldrel-macos-x86_64