Last updated on 2025-05-25 00:50:18 CEST.
Flavor | Version | Tinstall | Tcheck | Ttotal | Status | Flags |
---|---|---|---|---|---|---|
r-devel-linux-x86_64-debian-clang | 0.0.6 | 2.29 | 23.53 | 25.82 | NOTE | |
r-devel-linux-x86_64-debian-gcc | 0.0.6 | 1.72 | 18.36 | 20.08 | NOTE | |
r-devel-linux-x86_64-fedora-clang | 0.0.6 | 37.74 | OK | |||
r-devel-linux-x86_64-fedora-gcc | 0.0.6 | 35.85 | OK | |||
r-devel-windows-x86_64 | 0.0.6 | 3.00 | 91.00 | 94.00 | OK | |
r-patched-linux-x86_64 | 0.0.6 | 2.47 | 20.90 | 23.37 | OK | |
r-release-linux-x86_64 | 0.0.6 | 2.10 | 21.04 | 23.14 | OK | |
r-release-macos-arm64 | 0.0.6 | 21.00 | OK | |||
r-release-macos-x86_64 | 0.0.6 | 29.00 | OK | |||
r-release-windows-x86_64 | 0.0.6 | 3.00 | 45.00 | 48.00 | OK | |
r-oldrel-macos-arm64 | 0.0.6 | 18.00 | OK | |||
r-oldrel-macos-x86_64 | 0.0.6 | 25.00 | OK | |||
r-oldrel-windows-x86_64 | 0.0.6 | 3.00 | 47.00 | 50.00 | OK |
Version: 0.0.6
Check: CRAN incoming feasibility
Result: NOTE
Maintainer: ‘Dirk Eddelbuettel <edd@debian.org>’
No Authors@R field in DESCRIPTION.
Please add one, modifying
Authors@R: c(person(given = "Dirk",
family = "Eddelbuettel",
role = c("aut", "cre"),
email = "edd@debian.org"),
person(given = "Kenneth",
family = "Rose",
role = "aut"))
as necessary.
Flavors: r-devel-linux-x86_64-debian-clang, r-devel-linux-x86_64-debian-gcc