Last updated on 2025-05-25 04:50:34 CEST.
Flavor | Version | Tinstall | Tcheck | Ttotal | Status | Flags |
---|---|---|---|---|---|---|
r-devel-linux-x86_64-debian-clang | 0.1.0 | 1.63 | 21.39 | 23.02 | OK | |
r-devel-linux-x86_64-debian-gcc | 0.1.0 | 1.36 | 17.57 | 18.93 | OK | |
r-devel-linux-x86_64-fedora-clang | 0.1.0 | 36.11 | OK | |||
r-devel-linux-x86_64-fedora-gcc | 0.1.0 | 50.10 | OK | |||
r-devel-windows-x86_64 | 0.1.0 | 3.00 | 80.00 | 83.00 | OK | |
r-patched-linux-x86_64 | 0.1.0 | 1.70 | 19.42 | 21.12 | OK | |
r-release-linux-x86_64 | 0.1.0 | 1.57 | 19.58 | 21.15 | OK | |
r-release-macos-arm64 | 0.1.0 | 30.00 | OK | |||
r-release-macos-x86_64 | 0.1.0 | 39.00 | OK | |||
r-release-windows-x86_64 | 0.1.0 | 2.00 | 42.00 | 44.00 | OK | |
r-oldrel-macos-arm64 | 0.1.0 | 21.00 | NOTE | |||
r-oldrel-macos-x86_64 | 0.1.0 | 30.00 | NOTE | |||
r-oldrel-windows-x86_64 | 0.1.0 | 3.00 | 46.00 | 49.00 | NOTE |
Version: 0.1.0
Check: LazyData
Result: NOTE
'LazyData' is specified without a 'data' directory
Flavors: r-oldrel-macos-arm64, r-oldrel-macos-x86_64, r-oldrel-windows-x86_64