Last updated on 2025-05-25 00:50:17 CEST.
Flavor | Version | Tinstall | Tcheck | Ttotal | Status | Flags |
---|---|---|---|---|---|---|
r-devel-linux-x86_64-debian-clang | 1.5-9 | 13.30 | 170.96 | 184.26 | OK | |
r-devel-linux-x86_64-debian-gcc | 1.5-9 | 9.40 | 129.85 | 139.25 | OK | |
r-devel-linux-x86_64-fedora-clang | 1.5-9 | 2.64 | ERROR | |||
r-devel-linux-x86_64-fedora-gcc | 1.5-9 | 277.38 | OK | |||
r-devel-windows-x86_64 | 1.5-9 | 14.00 | 161.00 | 175.00 | OK | |
r-patched-linux-x86_64 | 1.5-9 | 14.33 | 163.90 | 178.23 | OK | |
r-release-linux-x86_64 | 1.5-9 | 12.84 | 165.27 | 178.11 | OK | |
r-release-macos-arm64 | 1.5-9 | 145.00 | OK | |||
r-release-macos-x86_64 | 1.5-9 | 151.00 | OK | |||
r-release-windows-x86_64 | 1.5-9 | 13.00 | 153.00 | 166.00 | OK | |
r-oldrel-macos-arm64 | 1.5-9 | 107.00 | OK | |||
r-oldrel-macos-x86_64 | 1.5-9 | 165.00 | OK | |||
r-oldrel-windows-x86_64 | 1.5-9 | 16.00 | 191.00 | 207.00 | OK |
Version: 1.5-9
Check: package dependencies
Result: ERROR
Package required but not available: ‘asbio’
See section ‘The DESCRIPTION file’ in the ‘Writing R Extensions’
manual.
Flavor: r-devel-linux-x86_64-fedora-clang