Last updated on 2025-05-25 04:50:34 CEST.
Flavor | Version | Tinstall | Tcheck | Ttotal | Status | Flags |
---|---|---|---|---|---|---|
r-devel-linux-x86_64-debian-clang | 0.6-8 | 18.01 | 316.21 | 334.22 | NOTE | |
r-devel-linux-x86_64-debian-gcc | 0.6-8 | 10.92 | 226.12 | 237.04 | NOTE | |
r-devel-linux-x86_64-fedora-clang | 0.6-8 | 531.15 | NOTE | |||
r-devel-linux-x86_64-fedora-gcc | 0.6-8 | 486.76 | NOTE | |||
r-devel-windows-x86_64 | 0.6-8 | 18.00 | 316.00 | 334.00 | NOTE | |
r-patched-linux-x86_64 | 0.6-8 | 17.07 | 300.93 | 318.00 | NOTE | |
r-release-linux-x86_64 | 0.6-8 | 16.30 | 302.90 | 319.20 | NOTE | |
r-release-macos-arm64 | 0.6-8 | 186.00 | NOTE | |||
r-release-macos-x86_64 | 0.6-8 | 343.00 | NOTE | |||
r-release-windows-x86_64 | 0.6-8 | 18.00 | 309.00 | 327.00 | NOTE | |
r-oldrel-macos-arm64 | 0.6-8 | 162.00 | NOTE | |||
r-oldrel-macos-x86_64 | 0.6-8 | 321.00 | NOTE | |||
r-oldrel-windows-x86_64 | 0.6-8 | 25.00 | 405.00 | 430.00 | NOTE |
Version: 0.6-8
Check: DESCRIPTION meta-information
Result: NOTE
Missing dependency on R >= 4.2.0 because package code uses the pipe
placeholder syntax added in R 4.2.0.
File(s) using such syntax:
‘prcomp.Rd’
Flavors: r-devel-linux-x86_64-debian-clang, r-devel-linux-x86_64-debian-gcc, r-devel-linux-x86_64-fedora-clang, r-devel-linux-x86_64-fedora-gcc, r-devel-windows-x86_64, r-patched-linux-x86_64, r-release-linux-x86_64, r-release-macos-arm64, r-release-macos-x86_64, r-release-windows-x86_64
Version: 0.6-8
Check: package dependencies
Result: NOTE
Package suggested but not available for checking: ‘starsdata’
Flavors: r-oldrel-macos-arm64, r-oldrel-macos-x86_64, r-oldrel-windows-x86_64
Version: 0.6-8
Check: installed package size
Result: NOTE
installed size is 6.9Mb
sub-directories of 1Mb or more:
doc 2.9Mb
nc 1.7Mb
Flavors: r-oldrel-macos-arm64, r-oldrel-macos-x86_64, r-oldrel-windows-x86_64