Last updated on 2025-05-25 00:50:17 CEST.
Flavor | Version | Tinstall | Tcheck | Ttotal | Status | Flags |
---|---|---|---|---|---|---|
r-devel-linux-x86_64-debian-clang | 1.0.5 | 6.73 | 56.41 | 63.14 | NOTE | |
r-devel-linux-x86_64-debian-gcc | 1.0.5 | 5.17 | 41.78 | 46.95 | NOTE | |
r-devel-linux-x86_64-fedora-clang | 1.0.5 | 94.68 | OK | |||
r-devel-linux-x86_64-fedora-gcc | 1.0.5 | 92.44 | OK | |||
r-devel-windows-x86_64 | 1.0.5 | 8.00 | 97.00 | 105.00 | OK | |
r-patched-linux-x86_64 | 1.0.5 | 6.96 | 53.81 | 60.77 | OK | |
r-release-linux-x86_64 | 1.0.5 | 5.83 | 55.09 | 60.92 | OK | |
r-release-macos-arm64 | 1.0.5 | 34.00 | OK | |||
r-release-macos-x86_64 | 1.0.5 | 57.00 | OK | |||
r-release-windows-x86_64 | 1.0.5 | 8.00 | 71.00 | 79.00 | OK | |
r-oldrel-macos-arm64 | 1.0.5 | 30.00 | OK | |||
r-oldrel-macos-x86_64 | 1.0.5 | 43.00 | OK | |||
r-oldrel-windows-x86_64 | 1.0.5 | 10.00 | 85.00 | 95.00 | OK |
Version: 1.0.5
Check: CRAN incoming feasibility
Result: NOTE
Maintainer: ‘Michal Juraska <mjuraska@fredhutch.org>’
No Authors@R field in DESCRIPTION.
Please add one, modifying
Authors@R: c(person(given = "Michal",
family = "Juraska",
role = c("aut", "cre"),
email = "mjuraska@fredhutch.org"),
person(given = c("with", "contributions", "from", "Peter", "B."),
family = "Gilbert",
role = "aut",
email = "pgilbert@scharp.org"),
person(given = "Xiaomin",
family = "Lu",
role = "aut",
email = "xlu2@phhp.ufl.edu"),
person(given = "Min",
family = "Zhang",
role = "aut",
email = "mzhangst@umich.edu"),
person(given = "Marie",
family = "Davidian",
role = "aut",
email = "davidian@stat.ncsu.edu"),
person(given = c("Anastasios", "A."),
family = "Tsiatis",
role = "aut",
email = "tsiatis@stat.ncsu.edu"))
as necessary.
Flavors: r-devel-linux-x86_64-debian-clang, r-devel-linux-x86_64-debian-gcc