Last updated on 2025-05-25 00:50:17 CEST.
Flavor | Version | Tinstall | Tcheck | Ttotal | Status | Flags |
---|---|---|---|---|---|---|
r-devel-linux-x86_64-debian-clang | 3.2-5 | 25.12 | 196.83 | 221.95 | OK | |
r-devel-linux-x86_64-debian-gcc | 3.2-6 | 16.85 | 136.21 | 153.06 | OK | |
r-devel-linux-x86_64-fedora-clang | 3.2-6 | 365.90 | OK | |||
r-devel-linux-x86_64-fedora-gcc | 3.2-6 | 325.50 | OK | |||
r-devel-windows-x86_64 | 3.2-5 | 36.00 | 244.00 | 280.00 | OK | |
r-patched-linux-x86_64 | 3.2-5 | 30.64 | 190.03 | 220.67 | OK | |
r-release-linux-x86_64 | 3.2-6 | 23.20 | 185.82 | 209.02 | OK | |
r-release-macos-arm64 | 3.2-6 | 94.00 | OK | |||
r-release-macos-x86_64 | 3.2-5 | 172.00 | OK | |||
r-release-windows-x86_64 | 3.2-6 | 32.00 | 231.00 | 263.00 | OK | |
r-oldrel-macos-arm64 | 3.2-6 | 93.00 | NOTE | |||
r-oldrel-macos-x86_64 | 3.2-5 | 180.00 | NOTE | |||
r-oldrel-windows-x86_64 | 3.2-6 | 31.00 | 296.00 | 327.00 | NOTE |
Version: 3.2-6
Check: package dependencies
Result: NOTE
Depends: includes the non-default packages:
'spatstat.data', 'spatstat.univar', 'spatstat.geom',
'spatstat.random', 'spatstat.explore', 'spatstat.model'
Adding so many packages to the search path is excessive and importing
selectively is preferable.
Flavors: r-oldrel-macos-arm64, r-oldrel-windows-x86_64
Version: 3.2-5
Check: package dependencies
Result: NOTE
Depends: includes the non-default packages:
'spatstat.data', 'spatstat.univar', 'spatstat.geom',
'spatstat.random', 'spatstat.explore', 'spatstat.model'
Adding so many packages to the search path is excessive and importing
selectively is preferable.
Flavor: r-oldrel-macos-x86_64