CRAN Package Check Results for Package spatstat

Last updated on 2025-05-24 22:50:20 CEST.

Flavor Version Tinstall Tcheck Ttotal Status Flags
r-devel-linux-x86_64-debian-clang 3.3-2 9.29 163.13 172.42 OK
r-devel-linux-x86_64-debian-gcc 3.3-2 6.69 123.77 130.46 OK
r-devel-linux-x86_64-fedora-clang 3.3-3 275.95 OK
r-devel-linux-x86_64-fedora-gcc 3.3-2 270.01 OK
r-devel-windows-x86_64 3.3-2 12.00 242.00 254.00 OK
r-patched-linux-x86_64 3.3-2 10.53 158.75 169.28 OK
r-release-linux-x86_64 3.3-2 8.59 158.44 167.03 OK
r-release-macos-arm64 3.3-3 87.00 OK
r-release-macos-x86_64 3.3-2 166.00 OK
r-release-windows-x86_64 3.3-2 13.00 233.00 246.00 OK
r-oldrel-macos-arm64 3.3-3 93.00 NOTE
r-oldrel-macos-x86_64 3.3-2 172.00 NOTE
r-oldrel-windows-x86_64 3.3-2 12.00 258.00 270.00 NOTE

Check Details

Version: 3.3-3
Check: package dependencies
Result: NOTE Depends: includes the non-default packages: 'spatstat.data', 'spatstat.univar', 'spatstat.geom', 'spatstat.random', 'spatstat.explore', 'spatstat.model', 'spatstat.linnet' Adding so many packages to the search path is excessive and importing selectively is preferable. Flavor: r-oldrel-macos-arm64

Version: 3.3-3
Check: installed package size
Result: NOTE installed size is 5.3Mb sub-directories of 1Mb or more: doc 4.6Mb Flavor: r-oldrel-macos-arm64

Version: 3.3-2
Check: package dependencies
Result: NOTE Depends: includes the non-default packages: 'spatstat.data', 'spatstat.univar', 'spatstat.geom', 'spatstat.random', 'spatstat.explore', 'spatstat.model', 'spatstat.linnet' Adding so many packages to the search path is excessive and importing selectively is preferable. Flavors: r-oldrel-macos-x86_64, r-oldrel-windows-x86_64

Version: 3.3-2
Check: installed package size
Result: NOTE installed size is 5.3Mb sub-directories of 1Mb or more: doc 4.6Mb Flavors: r-oldrel-macos-x86_64, r-oldrel-windows-x86_64