Last updated on 2025-05-09 16:53:09 CEST.
Flavor | Version | Tinstall | Tcheck | Ttotal | Status | Flags |
---|---|---|---|---|---|---|
r-devel-linux-x86_64-debian-clang | 0.0.1 | 146.68 | 72.72 | 219.40 | OK | |
r-devel-linux-x86_64-debian-gcc | 0.0.1 | 108.29 | 58.23 | 166.52 | OK | |
r-devel-linux-x86_64-fedora-clang | 0.0.1 | 481.42 | OK | |||
r-devel-linux-x86_64-fedora-gcc | 0.0.1 | 464.22 | OK | |||
r-devel-windows-x86_64 | 0.0.1 | 181.00 | 136.00 | 317.00 | OK | |
r-patched-linux-x86_64 | 0.0.1 | 149.28 | 72.11 | 221.39 | OK | |
r-release-linux-x86_64 | 0.0.1 | 144.85 | 72.09 | 216.94 | OK | |
r-release-macos-arm64 | 0.0.1 | 58.00 | ERROR | |||
r-release-macos-x86_64 | 0.0.1 | 68.00 | ERROR | |||
r-release-windows-x86_64 | 0.0.1 | 182.00 | 133.00 | 315.00 | OK | |
r-oldrel-macos-arm64 | 0.0.1 | 64.00 | ERROR | |||
r-oldrel-macos-x86_64 | 0.0.1 | 87.00 | ERROR | |||
r-oldrel-windows-x86_64 | 0.0.1 | 208.00 | 160.00 | 368.00 | NOTE |
Version: 0.0.1
Check: whether package can be installed
Result: ERROR
Installation failed.
Flavors: r-release-macos-arm64, r-release-macos-x86_64, r-oldrel-macos-arm64, r-oldrel-macos-x86_64
Version: 0.0.1
Check: installed package size
Result: NOTE
installed size is 7.6Mb
sub-directories of 1Mb or more:
libs 4.7Mb
Flavor: r-oldrel-windows-x86_64
Version: 0.0.1
Check: for GNU extensions in Makefiles
Result: NOTE
GNU make is a SystemRequirements.
Flavor: r-oldrel-windows-x86_64