Last updated on 2025-05-25 04:50:33 CEST.
Flavor | Version | Tinstall | Tcheck | Ttotal | Status | Flags |
---|---|---|---|---|---|---|
r-devel-linux-x86_64-debian-clang | 0.1.1 | 6.18 | 51.05 | 57.23 | NOTE | |
r-devel-linux-x86_64-debian-gcc | 0.1.1 | 3.74 | 36.30 | 40.04 | NOTE | |
r-devel-linux-x86_64-fedora-clang | 0.1.1 | 88.46 | OK | |||
r-devel-linux-x86_64-fedora-gcc | 0.1.1 | 81.69 | OK | |||
r-devel-windows-x86_64 | 0.1.1 | 9.00 | 66.00 | 75.00 | OK | |
r-patched-linux-x86_64 | 0.1.1 | 5.60 | 46.28 | 51.88 | OK | |
r-release-linux-x86_64 | 0.1.1 | 5.81 | 47.23 | 53.04 | OK | |
r-release-macos-arm64 | 0.1.1 | 29.00 | OK | |||
r-release-macos-x86_64 | 0.1.1 | 47.00 | OK | |||
r-release-windows-x86_64 | 0.1.1 | 8.00 | 61.00 | 69.00 | OK | |
r-oldrel-macos-arm64 | 0.1.1 | 26.00 | OK | |||
r-oldrel-macos-x86_64 | 0.1.1 | 39.00 | OK | |||
r-oldrel-windows-x86_64 | 0.1.1 | 9.00 | 74.00 | 83.00 | OK |
Version: 0.1.1
Check: CRAN incoming feasibility
Result: NOTE
Maintainer: ‘Mélanie Huchon <melanie.huchon@u-bordeaux.fr>’
No Authors@R field in DESCRIPTION.
Please add one, modifying
Authors@R: c(person(given = "Boris",
family = "Hejblum",
role = "aut"),
person(given = "Mélanie",
family = "Huchon",
role = c("aut", "cre"),
email = "melanie.huchon@u-bordeaux.fr"))
as necessary.
Flavors: r-devel-linux-x86_64-debian-clang, r-devel-linux-x86_64-debian-gcc