CRAN Package Check Results for Package simstudy

Last updated on 2025-06-20 18:49:29 CEST.

Flavor Version Tinstall Tcheck Ttotal Status Flags
r-devel-linux-x86_64-debian-clang 0.8.1 18.76 307.26 326.02 NOTE
r-devel-linux-x86_64-debian-gcc 0.8.1 14.43 203.46 217.89 NOTE
r-devel-linux-x86_64-fedora-clang 0.8.1 514.61 NOTE
r-devel-linux-x86_64-fedora-gcc 0.8.1 487.65 NOTE
r-devel-windows-x86_64 0.8.1 24.00 304.00 328.00 NOTE
r-patched-linux-x86_64 0.8.1 20.91 273.80 294.71 NOTE
r-release-linux-x86_64 0.8.1 19.49 274.19 293.68 NOTE
r-release-macos-arm64 0.8.1 163.00 NOTE
r-release-macos-x86_64 0.8.1 289.00 NOTE
r-release-windows-x86_64 0.8.1 23.00 312.00 335.00 NOTE
r-oldrel-macos-arm64 0.8.1 156.00 OK
r-oldrel-macos-x86_64 0.8.1 395.00 OK
r-oldrel-windows-x86_64 0.8.1 29.00 406.00 435.00 OK

Check Details

Version: 0.8.1
Check: DESCRIPTION meta-information
Result: NOTE Missing dependency on R >= 4.1.0 because package code uses the pipe |> or function shorthand \(...) syntax added in R 4.1.0. File(s) using such syntax: ‘addCorGen.Rd’ Flavors: r-devel-linux-x86_64-debian-clang, r-devel-linux-x86_64-debian-gcc, r-devel-linux-x86_64-fedora-clang, r-devel-linux-x86_64-fedora-gcc, r-devel-windows-x86_64, r-patched-linux-x86_64, r-release-linux-x86_64, r-release-macos-arm64, r-release-macos-x86_64, r-release-windows-x86_64