Last updated on 2025-02-04 19:50:33 CET.
Flavor | Version | Tinstall | Tcheck | Ttotal | Status | Flags |
---|---|---|---|---|---|---|
r-devel-linux-x86_64-debian-clang | 0.2.4 | 4.35 | 123.29 | 127.64 | OK | |
r-devel-linux-x86_64-debian-gcc | 0.2.4 | 3.17 | 87.53 | 90.70 | OK | |
r-devel-linux-x86_64-fedora-clang | 0.2.4 | 887.73 | ERROR | |||
r-devel-linux-x86_64-fedora-gcc | 0.2.4 | 654.19 | ERROR | |||
r-devel-windows-x86_64 | 0.2.4 | 9.00 | 142.00 | 151.00 | OK | |
r-patched-linux-x86_64 | 0.2.4 | 4.81 | 118.51 | 123.32 | OK | |
r-release-linux-x86_64 | 0.2.4 | 5.12 | 118.56 | 123.68 | OK | |
r-release-macos-arm64 | 0.2.4 | 314.00 | OK | |||
r-release-macos-x86_64 | 0.2.4 | 609.00 | OK | |||
r-release-windows-x86_64 | 0.2.4 | 8.00 | 145.00 | 153.00 | OK | |
r-oldrel-macos-arm64 | 0.2.2 | 274.00 | ERROR | |||
r-oldrel-macos-x86_64 | 0.2.2 | 419.00 | ERROR | |||
r-oldrel-windows-x86_64 | 0.2.4 | 10.00 | 158.00 | 168.00 | OK |
Version: 0.2.4
Check: tests
Result: ERROR
Running ‘testthat.R’ [13m/13m]
Running the tests in ‘tests/testthat.R’ failed.
Complete output:
> Sys.setenv("R_TEST" = "")
> library(testthat)
> library(shinyscholar)
Loading required package: gargoyle
Attaching package: 'gargoyle'
The following object is masked from 'package:testthat':
watch
Loading required package: leaflet
Loading required package: shiny
> library(shinytest2)
>
> test_check("shinyscholar")
Running /data/gannet/ripley/R/R-clang/bin/R CMD INSTALL \
/tmp/Rtmp7jFYxQ/working_dir/RtmpULKITd/file38af261506312c/shinyscholara \
--install-tests --no-docs --no-multiarch --no-demo
* installing to library ‘/tmp/Rtmp7jFYxQ/working_dir/RtmpULKITd/temp_libpath38af265571e74d’
* installing *source* package ‘shinyscholara’ ...
** this is package ‘shinyscholara’ version ‘0.0.1’
** using staged installation
** R
** inst
** tests
** byte-compile and prepare package for lazy loading
** help
*** installing help indices
** building package indices
** testing if installed package can be loaded from temporary location
** testing if installed package can be loaded from final location
** testing if installed package keeps a record of temporary installation path
* DONE (shinyscholara)
Running /data/gannet/ripley/R/R-clang/bin/R CMD INSTALL \
/tmp/Rtmp7jFYxQ/working_dir/RtmpULKITd/file38af2677a3fb2f/shinyscholarb \
--install-tests --no-docs --no-multiarch --no-demo
* installing to library ‘/tmp/Rtmp7jFYxQ/working_dir/RtmpULKITd/temp_libpath38af2677005e4a’
* installing *source* package ‘shinyscholarb’ ...
** this is package ‘shinyscholarb’ version ‘0.0.1’
** using staged installation
** R
** inst
** tests
** byte-compile and prepare package for lazy loading
** help
*** installing help indices
** building package indices
** testing if installed package can be loaded from temporary location
** testing if installed package can be loaded from final location
** testing if installed package keeps a record of temporary installation path
* DONE (shinyscholarb)
Running /data/gannet/ripley/R/R-clang/bin/R CMD INSTALL \
/tmp/Rtmp7jFYxQ/working_dir/RtmpULKITd/file38af263bbe63aa/shinyscholarc \
--install-tests --no-docs --no-multiarch --no-demo
* installing to library ‘/tmp/Rtmp7jFYxQ/working_dir/RtmpULKITd/temp_libpath38af262925a696’
* installing *source* package ‘shinyscholarc’ ...
** this is package ‘shinyscholarc’ version ‘0.0.1’
** using staged installation
** R
** inst
** tests
** byte-compile and prepare package for lazy loading
** help
*** installing help indices
** building package indices
** testing if installed package can be loaded from temporary location
** testing if installed package can be loaded from final location
** testing if installed package keeps a record of temporary installation path
* DONE (shinyscholarc)
Running /data/gannet/ripley/R/R-clang/bin/R CMD INSTALL \
/tmp/Rtmp7jFYxQ/working_dir/RtmpULKITd/file38af265e646cb3/shinyscholard \
--install-tests --no-docs --no-multiarch --no-demo
* installing to library ‘/tmp/Rtmp7jFYxQ/RLIBS_3857a07c25e532’
* installing *source* package ‘shinyscholard’ ...
** this is package ‘shinyscholard’ version ‘0.0.1’
** using staged installation
** R
** inst
** tests
** byte-compile and prepare package for lazy loading
** help
*** installing help indices
** building package indices
** testing if installed package can be loaded from temporary location
** testing if installed package can be loaded from final location
** testing if installed package keeps a record of temporary installation path
* DONE (shinyscholard)
Running /data/gannet/ripley/R/R-clang/bin/R CMD INSTALL \
/tmp/Rtmp7jFYxQ/working_dir/RtmpULKITd/file38af267052f46e/shinyscholara \
--install-tests --no-docs --no-multiarch --no-demo
* installing to library ‘/tmp/Rtmp7jFYxQ/working_dir/RtmpULKITd/temp_libpath38af26371623ae’
* installing *source* package ‘shinyscholara’ ...
** this is package ‘shinyscholara’ version ‘0.0.1’
** using staged installation
** R
** inst
** tests
** byte-compile and prepare package for lazy loading
** help
*** installing help indices
** building package indices
** testing if installed package can be loaded from temporary location
** testing if installed package can be loaded from final location
** testing if installed package keeps a record of temporary installation path
* DONE (shinyscholara)
Error in app_initialize(self, private, app_dir = app_dir, ..., load_timeout = load_timeout, :
Cannot find shiny port number. Error lines found:
Loading required package: shiny
Running application in test mode.
ℹ You can inspect the failed AppDriver object via `rlang::last_error()$app`
ℹ AppDriver logs:
{shinytest2} R info 23:14:10.09 Start AppDriver initialization
{shinytest2} R info 23:14:10.11 Starting Shiny app
{shinytest2} R info 23:14:25.48 Error while initializing AppDriver:
Cannot find shiny port number. Error lines found:
Loading required package: shiny
Running application in test mode.
{shiny} R stderr ----------- Loading required package: shiny
{shiny} R stderr ----------- Running application in test mode.
Caused by error in `app_start_shiny()`:
! Cannot find shiny port number. Error lines found:
Loading required package: shiny
Running application in test mode.
[1] "plot_hist_test setup failed - retrying"
Error in app_initialize(self, private, app_dir = app_dir, ..., load_timeout = load_timeout, :
Cannot find shiny port number. Error lines found:
Loading required package: shiny
Running application in test mode.
ℹ You can inspect the failed AppDriver object via `rlang::last_error()$app`
ℹ AppDriver logs:
{shinytest2} R info 23:14:26.77 Start AppDriver initialization
{shinytest2} R info 23:14:26.78 Starting Shiny app
{shinytest2} R info 23:14:42.06 Error while initializing AppDriver:
Cannot find shiny port number. Error lines found:
Loading required package: shiny
Running application in test mode.
{shiny} R stderr ----------- Loading required package: shiny
{shiny} R stderr ----------- Running application in test mode.
Caused by error in `app_start_shiny()`:
! Cannot find shiny port number. Error lines found:
Loading required package: shiny
Running application in test mode.
[1] "plot_hist_test setup failed - retrying"
Error in app_initialize(self, private, app_dir = app_dir, ..., load_timeout = load_timeout, :
Cannot find shiny port number. Error lines found:
Loading required package: shiny
Running application in test mode.
ℹ You can inspect the failed AppDriver object via `rlang::last_error()$app`
ℹ AppDriver logs:
{shinytest2} R info 23:14:43.78 Start AppDriver initialization
{shinytest2} R info 23:14:43.79 Starting Shiny app
{shinytest2} R info 23:14:59.13 Error while initializing AppDriver:
Cannot find shiny port number. Error lines found:
Loading required package: shiny
Running application in test mode.
{shiny} R stderr ----------- Loading required package: shiny
{shiny} R stderr ----------- Running application in test mode.
Caused by error in `app_start_shiny()`:
! Cannot find shiny port number. Error lines found:
Loading required package: shiny
Running application in test mode.
[1] "plot_hist_test setup failed - retrying"
Error in app_initialize(self, private, app_dir = app_dir, ..., load_timeout = load_timeout, :
Cannot find shiny port number. Error lines found:
Loading required package: shiny
Running application in test mode.
ℹ You can inspect the failed AppDriver object via `rlang::last_error()$app`
ℹ AppDriver logs:
{shinytest2} R info 23:15:00.40 Start AppDriver initialization
{shinytest2} R info 23:15:00.41 Starting Shiny app
{shinytest2} R info 23:15:15.64 Error while initializing AppDriver:
Cannot find shiny port number. Error lines found:
Loading required package: shiny
Running application in test mode.
{shiny} R stderr ----------- Loading required package: shiny
{shiny} R stderr ----------- Running application in test mode.
Caused by error in `app_start_shiny()`:
! Cannot find shiny port number. Error lines found:
Loading required package: shiny
Running application in test mode.
[1] "plot_hist_test setup failed - retrying"
Error in app_initialize(self, private, app_dir = app_dir, ..., load_timeout = load_timeout, :
Cannot find shiny port number. Error lines found:
Loading required package: shiny
Running application in test mode.
ℹ You can inspect the failed AppDriver object via `rlang::last_error()$app`
ℹ AppDriver logs:
{shinytest2} R info 23:15:16.52 Start AppDriver initialization
{shinytest2} R info 23:15:16.52 Starting Shiny app
{shinytest2} R info 23:15:31.81 Error while initializing AppDriver:
Cannot find shiny port number. Error lines found:
Loading required package: shiny
Running application in test mode.
{shiny} R stderr ----------- Loading required package: shiny
{shiny} R stderr ----------- Running application in test mode.
Caused by error in `app_start_shiny()`:
! Cannot find shiny port number. Error lines found:
Loading required package: shiny
Running application in test mode.
[1] "plot_hist_test setup failed - retrying"
Error in app_initialize(self, private, app_dir = app_dir, ..., load_timeout = load_timeout, :
Cannot find shiny port number. Error lines found:
Loading required package: shiny
Running application in test mode.
ℹ You can inspect the failed AppDriver object via `rlang::last_error()$app`
ℹ AppDriver logs:
{shinytest2} R info 23:15:32.66 Start AppDriver initialization
{shinytest2} R info 23:15:32.66 Starting Shiny app
{shinytest2} R info 23:15:47.88 Error while initializing AppDriver:
Cannot find shiny port number. Error lines found:
Loading required package: shiny
Running application in test mode.
{shiny} R stderr ----------- Loading required package: shiny
{shiny} R stderr ----------- Running application in test mode.
Caused by error in `app_start_shiny()`:
! Cannot find shiny port number. Error lines found:
Loading required package: shiny
Running application in test mode.
[1] "plot_hist_test setup failed - retrying"
Error in app_initialize(self, private, app_dir = app_dir, ..., load_timeout = load_timeout, :
Cannot find shiny port number. Error lines found:
Loading required package: shiny
Running application in test mode.
ℹ You can inspect the failed AppDriver object via `rlang::last_error()$app`
ℹ AppDriver logs:
{shinytest2} R info 23:15:48.63 Start AppDriver initialization
{shinytest2} R info 23:15:48.63 Starting Shiny app
{shinytest2} R info 23:16:03.82 Error while initializing AppDriver:
Cannot find shiny port number. Error lines found:
Loading required package: shiny
Running application in test mode.
{shiny} R stderr ----------- Loading required package: shiny
{shiny} R stderr ----------- Running application in test mode.
{shiny} R stderr -----------
{shiny} R stderr ----------- Listening on http://127.0.0.1:6238
Caused by error in `app_start_shiny()`:
! Cannot find shiny port number. Error lines found:
Loading required package: shiny
Running application in test mode.
[1] "plot_hist_test setup failed - retrying"
Error in app_initialize(self, private, app_dir = app_dir, ..., load_timeout = load_timeout, :
Cannot find shiny port number. Error lines found:
Loading required package: shiny
Running application in test mode.
ℹ You can inspect the failed AppDriver object via `rlang::last_error()$app`
ℹ AppDriver logs:
{shinytest2} R info 23:16:04.64 Start AppDriver initialization
{shinytest2} R info 23:16:04.64 Starting Shiny app
{shinytest2} R info 23:16:19.82 Error while initializing AppDriver:
Cannot find shiny port number. Error lines found:
Loading required package: shiny
Running application in test mode.
{shiny} R stderr ----------- Loading required package: shiny
{shiny} R stderr ----------- Running application in test mode.
Caused by error in `app_start_shiny()`:
! Cannot find shiny port number. Error lines found:
Loading required package: shiny
Running application in test mode.
[1] "plot_hist_test setup failed - retrying"
Error in app_download(self, private, output = output, name = name, save_dir = save_dir, :
Download from '#core_save-save_session' failed
[1] "empty_save_test setup failed - retrying"
Error in app_download(self, private, output = output, name = name, save_dir = save_dir, :
Download from '#core_save-save_session' failed
[1] "empty_save_test setup failed - retrying"
Error in app_download(self, private, output = output, name = name, save_dir = save_dir, :
Download from '#core_save-save_session' failed
[1] "empty_save_test setup failed - retrying"
Error in app_download(self, private, output = output, name = name, save_dir = save_dir, :
Download from '#core_save-save_session' failed
[1] "empty_save_test setup failed - retrying"
Error in app_download(self, private, output = output, name = name, save_dir = save_dir, :
Download from '#core_save-save_session' failed
[1] "empty_save_test setup failed - retrying"
Error in app_download(self, private, output = output, name = name, save_dir = save_dir, :
Download from '#core_save-save_session' failed
[1] "empty_save_test setup failed - retrying"
[ FAIL 3 | WARN 0 | SKIP 9 | PASS 181 ]
══ Skipped tests (9) ═══════════════════════════════════════════════════════════
• On CRAN (9): 'test-save_and_load.R:121:5', 'test-select_async.R:4:5',
'test-select_async.R:33:5', 'test-select_async.R:44:5',
'test-select_async.R:56:5', 'test-select_query.R:4:5',
'test-select_query.R:35:5', 'test-select_query.R:47:5',
'test-select_query.R:59:5'
══ Failed tests ════════════════════════════════════════════════════════════════
── Error ('test-downloads.R:6:5'): {shinytest2} recording: e2e_markdown ────────
Error in `app_initialize(self, private, app_dir = app_dir, ..., load_timeout = load_timeout,
timeout = timeout, wait = wait, expect_values_screenshot_args = expect_values_screenshot_args,
screenshot_args = screenshot_args, check_names = check_names,
name = name, variant = variant, view = view, height = height,
width = width, seed = seed, clean_logs = clean_logs, shiny_args = shiny_args,
render_args = render_args, options = options)`: Cannot find shiny port number. Error lines found:
Loading required package: shiny
Running application in test mode.
ℹ You can inspect the failed AppDriver object via `rlang::last_error()$app`
ℹ AppDriver logs:
{shinytest2} R info 23:12:45.21 Start AppDriver initialization
{shinytest2} R info 23:12:45.22 Starting Shiny app
{shinytest2} R info 23:13:00.49 Error while initializing AppDriver:
Cannot find shiny port number. Error lines found:
Loading required package: shiny
Running application in test mode.
{shiny} R stderr ----------- Loading required package: shiny
{shiny} R stderr ----------- Running application in test mode.
Caused by error in `app_start_shiny()`:
! Cannot find shiny port number. Error lines found:
Loading required package: shiny
Running application in test mode.
── Error ('test-downloads.R:36:5'): {shinytest2} recording: e2e_table_download ──
Error in `app_initialize(self, private, app_dir = app_dir, ..., load_timeout = load_timeout,
timeout = timeout, wait = wait, expect_values_screenshot_args = expect_values_screenshot_args,
screenshot_args = screenshot_args, check_names = check_names,
name = name, variant = variant, view = view, height = height,
width = width, seed = seed, clean_logs = clean_logs, shiny_args = shiny_args,
render_args = render_args, options = options)`: Cannot find shiny port number. Error lines found:
Loading required package: shiny
Running application in test mode.
ℹ You can inspect the failed AppDriver object via `rlang::last_error()$app`
ℹ AppDriver logs:
{shinytest2} R info 23:13:01.52 Start AppDriver initialization
{shinytest2} R info 23:13:01.53 Starting Shiny app
{shinytest2} R info 23:13:16.78 Error while initializing AppDriver:
Cannot find shiny port number. Error lines found:
Loading required package: shiny
Running application in test mode.
{shiny} R stderr ----------- Loading required package: shiny
{shiny} R stderr ----------- Running application in test mode.
Caused by error in `app_start_shiny()`:
! Cannot find shiny port number. Error lines found:
Loading required package: shiny
Running application in test mode.
── Error ('test-downloads.R:50:5'): {shinytest2} recording: e2e_plot_downloads ──
Error in `app_initialize(self, private, app_dir = app_dir, ..., load_timeout = load_timeout,
timeout = timeout, wait = wait, expect_values_screenshot_args = expect_values_screenshot_args,
screenshot_args = screenshot_args, check_names = check_names,
name = name, variant = variant, view = view, height = height,
width = width, seed = seed, clean_logs = clean_logs, shiny_args = shiny_args,
render_args = render_args, options = options)`: Cannot find shiny port number. Error lines found:
Loading required package: shiny
Running application in test mode.
ℹ You can inspect the failed AppDriver object via `rlang::last_error()$app`
ℹ AppDriver logs:
{shinytest2} R info 23:13:17.75 Start AppDriver initialization
{shinytest2} R info 23:13:17.76 Starting Shiny app
{shinytest2} R info 23:13:32.96 Error while initializing AppDriver:
Cannot find shiny port number. Error lines found:
Loading required package: shiny
Running application in test mode.
{shiny} R stderr ----------- Loading required package: shiny
{shiny} R stderr ----------- Running application in test mode.
Caused by error in `app_start_shiny()`:
! Cannot find shiny port number. Error lines found:
Loading required package: shiny
Running application in test mode.
[ FAIL 3 | WARN 0 | SKIP 9 | PASS 181 ]
Error: Test failures
Execution halted
Flavor: r-devel-linux-x86_64-fedora-clang
Version: 0.2.4
Check: tests
Result: ERROR
Running ‘testthat.R’ [555s/536s]
Running the tests in ‘tests/testthat.R’ failed.
Complete output:
> Sys.setenv("R_TEST" = "")
> library(testthat)
> library(shinyscholar)
Loading required package: gargoyle
Attaching package: 'gargoyle'
The following object is masked from 'package:testthat':
watch
Loading required package: leaflet
Loading required package: shiny
> library(shinytest2)
>
> test_check("shinyscholar")
Running /data/gannet/ripley/R/R-devel/bin/R CMD INSTALL \
/tmp/Rtmpf2zVHG/working_dir/RtmpIdY4yl/file371f53689946ca/shinyscholara \
--install-tests --no-docs --no-multiarch --no-demo
* installing to library ‘/tmp/Rtmpf2zVHG/working_dir/RtmpIdY4yl/temp_libpath371f532f34ca08’
* installing *source* package ‘shinyscholara’ ...
** this is package ‘shinyscholara’ version ‘0.0.1’
** using staged installation
** R
** inst
** tests
** byte-compile and prepare package for lazy loading
** help
*** installing help indices
** building package indices
** testing if installed package can be loaded from temporary location
** testing if installed package can be loaded from final location
** testing if installed package keeps a record of temporary installation path
* DONE (shinyscholara)
Running /data/gannet/ripley/R/R-devel/bin/R CMD INSTALL \
/tmp/Rtmpf2zVHG/working_dir/RtmpIdY4yl/file371f5351f55452/shinyscholarb \
--install-tests --no-docs --no-multiarch --no-demo
* installing to library ‘/tmp/Rtmpf2zVHG/working_dir/RtmpIdY4yl/temp_libpath371f5379ee50b7’
* installing *source* package ‘shinyscholarb’ ...
** this is package ‘shinyscholarb’ version ‘0.0.1’
** using staged installation
** R
** inst
** tests
** byte-compile and prepare package for lazy loading
** help
*** installing help indices
** building package indices
** testing if installed package can be loaded from temporary location
** testing if installed package can be loaded from final location
** testing if installed package keeps a record of temporary installation path
* DONE (shinyscholarb)
Running /data/gannet/ripley/R/R-devel/bin/R CMD INSTALL \
/tmp/Rtmpf2zVHG/working_dir/RtmpIdY4yl/file371f5315b3f1d7/shinyscholarc \
--install-tests --no-docs --no-multiarch --no-demo
* installing to library ‘/tmp/Rtmpf2zVHG/working_dir/RtmpIdY4yl/temp_libpath371f537b55df5a’
* installing *source* package ‘shinyscholarc’ ...
** this is package ‘shinyscholarc’ version ‘0.0.1’
** using staged installation
** R
** inst
** tests
** byte-compile and prepare package for lazy loading
** help
*** installing help indices
** building package indices
** testing if installed package can be loaded from temporary location
** testing if installed package can be loaded from final location
** testing if installed package keeps a record of temporary installation path
* DONE (shinyscholarc)
Running /data/gannet/ripley/R/R-devel/bin/R CMD INSTALL \
/tmp/Rtmpf2zVHG/working_dir/RtmpIdY4yl/file371f53e073097/shinyscholard \
--install-tests --no-docs --no-multiarch --no-demo
* installing to library ‘/data/gannet/ripley/R/packages/tests-devel/shinyscholar.Rcheck’
* installing *source* package ‘shinyscholard’ ...
** this is package ‘shinyscholard’ version ‘0.0.1’
** using staged installation
** R
** inst
** tests
** byte-compile and prepare package for lazy loading
** help
*** installing help indices
** building package indices
** testing if installed package can be loaded from temporary location
** testing if installed package can be loaded from final location
** testing if installed package keeps a record of temporary installation path
* DONE (shinyscholard)
Running /data/gannet/ripley/R/R-devel/bin/R CMD INSTALL \
/tmp/Rtmpf2zVHG/working_dir/RtmpIdY4yl/file371f533a65109d/shinyscholara \
--install-tests --no-docs --no-multiarch --no-demo
* installing to library ‘/tmp/Rtmpf2zVHG/working_dir/RtmpIdY4yl/temp_libpath371f5359994137’
* installing *source* package ‘shinyscholara’ ...
** this is package ‘shinyscholara’ version ‘0.0.1’
** using staged installation
** R
** inst
** tests
** byte-compile and prepare package for lazy loading
** help
*** installing help indices
** building package indices
** testing if installed package can be loaded from temporary location
** testing if installed package can be loaded from final location
** testing if installed package keeps a record of temporary installation path
* DONE (shinyscholara)
Error in app_initialize(self, private, app_dir = app_dir, ..., load_timeout = load_timeout, :
Cannot find shiny port number. Error lines found:
Loading required package: shiny
Running application in test mode.
ℹ You can inspect the failed AppDriver object via `rlang::last_error()$app`
ℹ AppDriver logs:
{shinytest2} R info 22:37:57.94 Start AppDriver initialization
{shinytest2} R info 22:37:57.95 Starting Shiny app
{shinytest2} R info 22:38:13.10 Error while initializing AppDriver:
Cannot find shiny port number. Error lines found:
Loading required package: shiny
Running application in test mode.
{shiny} R stderr ----------- Loading required package: shiny
{shiny} R stderr ----------- Running application in test mode.
Caused by error in `app_start_shiny()`:
! Cannot find shiny port number. Error lines found:
Loading required package: shiny
Running application in test mode.
[1] "plot_hist_test setup failed - retrying"
Error in app_initialize(self, private, app_dir = app_dir, ..., load_timeout = load_timeout, :
Cannot find shiny port number. Error lines found:
Loading required package: shiny
Running application in test mode.
ℹ You can inspect the failed AppDriver object via `rlang::last_error()$app`
ℹ AppDriver logs:
{shinytest2} R info 22:38:13.83 Start AppDriver initialization
{shinytest2} R info 22:38:13.83 Starting Shiny app
{shinytest2} R info 22:38:28.99 Error while initializing AppDriver:
Cannot find shiny port number. Error lines found:
Loading required package: shiny
Running application in test mode.
{shiny} R stderr ----------- Loading required package: shiny
{shiny} R stderr ----------- Running application in test mode.
Caused by error in `app_start_shiny()`:
! Cannot find shiny port number. Error lines found:
Loading required package: shiny
Running application in test mode.
[1] "plot_hist_test setup failed - retrying"
Error in app_download(self, private, output = output, name = name, save_dir = save_dir, :
Download from '#core_save-save_session' failed
[1] "save_hist_test setup failed - retrying"
[ FAIL 3 | WARN 0 | SKIP 9 | PASS 181 ]
══ Skipped tests (9) ═══════════════════════════════════════════════════════════
• On CRAN (9): 'test-save_and_load.R:121:5', 'test-select_async.R:4:5',
'test-select_async.R:33:5', 'test-select_async.R:44:5',
'test-select_async.R:56:5', 'test-select_query.R:4:5',
'test-select_query.R:35:5', 'test-select_query.R:47:5',
'test-select_query.R:59:5'
══ Failed tests ════════════════════════════════════════════════════════════════
── Error ('test-downloads.R:6:5'): {shinytest2} recording: e2e_markdown ────────
Error in `app_initialize(self, private, app_dir = app_dir, ..., load_timeout = load_timeout,
timeout = timeout, wait = wait, expect_values_screenshot_args = expect_values_screenshot_args,
screenshot_args = screenshot_args, check_names = check_names,
name = name, variant = variant, view = view, height = height,
width = width, seed = seed, clean_logs = clean_logs, shiny_args = shiny_args,
render_args = render_args, options = options)`: Cannot find shiny port number. Error lines found:
Loading required package: shiny
Running application in test mode.
ℹ You can inspect the failed AppDriver object via `rlang::last_error()$app`
ℹ AppDriver logs:
{shinytest2} R info 22:36:35.39 Start AppDriver initialization
{shinytest2} R info 22:36:35.39 Starting Shiny app
{shinytest2} R info 22:36:50.56 Error while initializing AppDriver:
Cannot find shiny port number. Error lines found:
Loading required package: shiny
Running application in test mode.
{shiny} R stderr ----------- Loading required package: shiny
{shiny} R stderr ----------- Running application in test mode.
Caused by error in `app_start_shiny()`:
! Cannot find shiny port number. Error lines found:
Loading required package: shiny
Running application in test mode.
── Error ('test-downloads.R:36:5'): {shinytest2} recording: e2e_table_download ──
Error in `app_initialize(self, private, app_dir = app_dir, ..., load_timeout = load_timeout,
timeout = timeout, wait = wait, expect_values_screenshot_args = expect_values_screenshot_args,
screenshot_args = screenshot_args, check_names = check_names,
name = name, variant = variant, view = view, height = height,
width = width, seed = seed, clean_logs = clean_logs, shiny_args = shiny_args,
render_args = render_args, options = options)`: Cannot find shiny port number. Error lines found:
Loading required package: shiny
Running application in test mode.
ℹ You can inspect the failed AppDriver object via `rlang::last_error()$app`
ℹ AppDriver logs:
{shinytest2} R info 22:36:52.16 Start AppDriver initialization
{shinytest2} R info 22:36:52.16 Starting Shiny app
{shinytest2} R info 22:37:07.35 Error while initializing AppDriver:
Cannot find shiny port number. Error lines found:
Loading required package: shiny
Running application in test mode.
{shiny} R stderr ----------- Loading required package: shiny
{shiny} R stderr ----------- Running application in test mode.
Caused by error in `app_start_shiny()`:
! Cannot find shiny port number. Error lines found:
Loading required package: shiny
Running application in test mode.
── Error ('test-downloads.R:50:5'): {shinytest2} recording: e2e_plot_downloads ──
Error in `app_initialize(self, private, app_dir = app_dir, ..., load_timeout = load_timeout,
timeout = timeout, wait = wait, expect_values_screenshot_args = expect_values_screenshot_args,
screenshot_args = screenshot_args, check_names = check_names,
name = name, variant = variant, view = view, height = height,
width = width, seed = seed, clean_logs = clean_logs, shiny_args = shiny_args,
render_args = render_args, options = options)`: Cannot find shiny port number. Error lines found:
Loading required package: shiny
Running application in test mode.
ℹ You can inspect the failed AppDriver object via `rlang::last_error()$app`
ℹ AppDriver logs:
{shinytest2} R info 22:37:08.41 Start AppDriver initialization
{shinytest2} R info 22:37:08.42 Starting Shiny app
{shinytest2} R info 22:37:23.60 Error while initializing AppDriver:
Cannot find shiny port number. Error lines found:
Loading required package: shiny
Running application in test mode.
{shiny} R stderr ----------- Loading required package: shiny
{shiny} R stderr ----------- Running application in test mode.
Caused by error in `app_start_shiny()`:
! Cannot find shiny port number. Error lines found:
Loading required package: shiny
Running application in test mode.
[ FAIL 3 | WARN 0 | SKIP 9 | PASS 181 ]
Error: Test failures
Execution halted
Flavor: r-devel-linux-x86_64-fedora-gcc
Version: 0.2.4
Check: for non-standard things in the check directory
Result: NOTE
Found the following files/directories:
‘shinyscholard’
Flavor: r-devel-linux-x86_64-fedora-gcc
Version: 0.2.2
Check: tests
Result: ERROR
Running ‘testthat.R’ [150s/224s]
Running the tests in ‘tests/testthat.R’ failed.
Complete output:
> Sys.setenv("R_TEST" = "")
> library(testthat)
> library(shinyscholar)
Loading required package: gargoyle
Attaching package: 'gargoyle'
The following object is masked from 'package:testthat':
watch
Loading required package: leaflet
Loading required package: shiny
> library(shinytest2)
>
> test_check("shinyscholar")
/usr/local/bin/pandoc +RTS -K512m -RTS shinyscholar-session-2025-01-17.knit.md --to html4 --from markdown+autolink_bare_uris+tex_math_single_backslash --output shinyscholar-session-2025-01-17.html --lua-filter /Volumes/Builds/packages/big-sur-arm64/Rlib/4.3/rmarkdown/rmarkdown/lua/pagebreak.lua --lua-filter /Volumes/Builds/packages/big-sur-arm64/Rlib/4.3/rmarkdown/rmarkdown/lua/latex-div.lua --self-contained --variable bs3=TRUE --section-divs --template /Volumes/Builds/packages/big-sur-arm64/Rlib/4.3/rmarkdown/rmd/h/default.html --no-highlight --variable highlightjs=1 --variable theme=bootstrap --mathjax --variable 'mathjax-url=https://mathjax.rstudio.com/latest/MathJax.js?config=TeX-AMS-MML_HTMLorMML' --include-in-header /var/folders/k4/0jwzxmln0nb8y6rkzprptb640000gq/T//RtmpJVSCau/rmarkdown-strdb761cfa7a13.html
[WARNING] This document format requires a nonempty <title> element.
Defaulting to 'shinyscholar-session-2025-01-17.knit' as the title.
To specify a title, use 'title' in metadata or --metadata title="...".
[ FAIL 3 | WARN 0 | SKIP 9 | PASS 144 ]
══ Skipped tests (9) ═══════════════════════════════════════════════════════════
• On CRAN (9): 'test-save_and_load.R:121:5', 'test-select_async.R:4:5',
'test-select_async.R:33:5', 'test-select_async.R:44:5',
'test-select_async.R:56:5', 'test-select_query.R:4:5',
'test-select_query.R:35:5', 'test-select_query.R:47:5',
'test-select_query.R:59:5'
══ Failed tests ════════════════════════════════════════════════════════════════
── Error ('test-create_template.R:137:3'): Check create template function works as expected ──
Error: A package on CRAN already uses that name
Backtrace:
▆
1. ├─shinyscholar::create_template(...) at test-create_template.R:137:3
2. │ └─logger %>% ...
3. └─shinyscholar::writeLog(., type = "error", "A package on CRAN already uses that name")
── Error ('test-create_template.R:174:3'): Check create template function works with false settings ──
Error: A package on CRAN already uses that name
Backtrace:
▆
1. ├─shinyscholar::create_template(...) at test-create_template.R:174:3
2. │ └─logger %>% ...
3. └─shinyscholar::writeLog(., type = "error", "A package on CRAN already uses that name")
── Error ('test-metadata.R:112:5'): Check that lines added by metadata are functional ──
Error: A package on CRAN already uses that name
Backtrace:
▆
1. ├─shinyscholar::create_template(...) at test-metadata.R:112:5
2. │ └─logger %>% ...
3. └─shinyscholar::writeLog(., type = "error", "A package on CRAN already uses that name")
[ FAIL 3 | WARN 0 | SKIP 9 | PASS 144 ]
Error: Test failures
Execution halted
Flavor: r-oldrel-macos-arm64
Version: 0.2.2
Check: tests
Result: ERROR
Running ‘testthat.R’ [212s/325s]
Running the tests in ‘tests/testthat.R’ failed.
Complete output:
> Sys.setenv("R_TEST" = "")
> library(testthat)
> library(shinyscholar)
Loading required package: gargoyle
Attaching package: 'gargoyle'
The following object is masked from 'package:testthat':
watch
Loading required package: leaflet
Loading required package: shiny
> library(shinytest2)
>
> test_check("shinyscholar")
{shinytest2} query failed (500)----------------------
URL: http://127.0.0.1:4935/session/1e25d409a1025a175319e65497150918/download/rep_markdown-dlRMD?w=
<html>
<head lang = "en">
<title>An error has occurred</title>
</head>
<body>
<h1>An error has occurred!</h1>
<p>pandoc version 1.12.3 or higher is required and was not found (see the help page ?rmarkdown::pandoc_available).</p>
</body>
</html>
----------------------------------------
[ FAIL 4 | WARN 0 | SKIP 9 | PASS 140 ]
══ Skipped tests (9) ═══════════════════════════════════════════════════════════
• On CRAN (9): 'test-save_and_load.R:121:5', 'test-select_async.R:4:5',
'test-select_async.R:33:5', 'test-select_async.R:44:5',
'test-select_async.R:56:5', 'test-select_query.R:4:5',
'test-select_query.R:35:5', 'test-select_query.R:47:5',
'test-select_query.R:59:5'
══ Failed tests ════════════════════════════════════════════════════════════════
── Error ('test-create_template.R:137:3'): Check create template function works as expected ──
Error: A package on CRAN already uses that name
Backtrace:
▆
1. ├─shinyscholar::create_template(...) at test-create_template.R:137:3
2. │ └─logger %>% ...
3. └─shinyscholar::writeLog(., type = "error", "A package on CRAN already uses that name")
── Error ('test-create_template.R:174:3'): Check create template function works with false settings ──
Error: A package on CRAN already uses that name
Backtrace:
▆
1. ├─shinyscholar::create_template(...) at test-create_template.R:174:3
2. │ └─logger %>% ...
3. └─shinyscholar::writeLog(., type = "error", "A package on CRAN already uses that name")
── Error ('test-downloads.R:14:5'): {shinytest2} recording: e2e_markdown ───────
Error in `app_httr_get(self, private, full_url)`: Unable request data from server
Backtrace:
▆
1. └─app$get_download("rep_markdown-dlRMD") at test-downloads.R:14:5
2. └─shinytest2:::app_get_download(...)
3. └─shinytest2:::app_download(...)
4. └─shinytest2:::app_httr_get(self, private, full_url)
5. └─shinytest2:::app_abort(self, private, "Unable request data from server")
6. └─rlang::abort(..., app = self, call = call)
── Error ('test-metadata.R:112:5'): Check that lines added by metadata are functional ──
Error: A package on CRAN already uses that name
Backtrace:
▆
1. ├─shinyscholar::create_template(...) at test-metadata.R:112:5
2. │ └─logger %>% ...
3. └─shinyscholar::writeLog(., type = "error", "A package on CRAN already uses that name")
[ FAIL 4 | WARN 0 | SKIP 9 | PASS 140 ]
Error: Test failures
Execution halted
Flavor: r-oldrel-macos-x86_64