CRAN Package Check Results for Package sfc

Last updated on 2025-07-16 04:50:24 CEST.

Flavor Version Tinstall Tcheck Ttotal Status Flags
r-devel-linux-x86_64-debian-clang 0.1.0 4.83 38.53 43.36 OK
r-devel-linux-x86_64-debian-gcc 0.1.0 3.61 29.81 33.42 OK
r-devel-linux-x86_64-fedora-clang 0.1.0 70.73 OK
r-devel-linux-x86_64-fedora-gcc 0.1.0 62.06 OK
r-devel-windows-x86_64 0.1.0 6.00 54.00 60.00 OK
r-patched-linux-x86_64 0.1.0 4.39 35.96 40.35 OK
r-release-linux-x86_64 0.1.0 4.37 34.86 39.23 OK
r-release-macos-arm64 0.1.0 28.00 OK
r-release-macos-x86_64 0.1.0 46.00 OK
r-release-windows-x86_64 0.1.0 6.00 56.00 62.00 OK
r-oldrel-macos-arm64 0.1.0 23.00 NOTE
r-oldrel-macos-x86_64 0.1.0 34.00 NOTE
r-oldrel-windows-x86_64 0.1.0 7.00 65.00 72.00 NOTE

Check Details

Version: 0.1.0
Check: LazyData
Result: NOTE 'LazyData' is specified without a 'data' directory Flavors: r-oldrel-macos-arm64, r-oldrel-macos-x86_64, r-oldrel-windows-x86_64