Last updated on 2025-05-25 04:50:32 CEST.
Flavor | Version | Tinstall | Tcheck | Ttotal | Status | Flags |
---|---|---|---|---|---|---|
r-devel-linux-x86_64-debian-clang | 1.1-6 | 4.00 | 28.35 | 32.35 | NOTE | |
r-devel-linux-x86_64-debian-gcc | 1.1-6 | 2.89 | 21.83 | 24.72 | NOTE | |
r-devel-linux-x86_64-fedora-clang | 1.1-6 | 50.66 | OK | |||
r-devel-linux-x86_64-fedora-gcc | 1.1-6 | 47.97 | OK | |||
r-devel-windows-x86_64 | 1.1-6 | 9.00 | 93.00 | 102.00 | OK | |
r-patched-linux-x86_64 | 1.1-6 | 3.99 | 27.00 | 30.99 | OK | |
r-release-linux-x86_64 | 1.1-6 | 4.09 | 27.35 | 31.44 | OK | |
r-release-macos-arm64 | 1.1-6 | 19.00 | OK | |||
r-release-macos-x86_64 | 1.1-6 | 36.00 | OK | |||
r-release-windows-x86_64 | 1.1-6 | 7.00 | 49.00 | 56.00 | OK | |
r-oldrel-macos-arm64 | 1.1-6 | 20.00 | OK | |||
r-oldrel-macos-x86_64 | 1.1-6 | 31.00 | OK | |||
r-oldrel-windows-x86_64 | 1.1-6 | 7.00 | 57.00 | 64.00 | OK |
Version: 1.1-6
Check: CRAN incoming feasibility
Result: NOTE
Maintainer: ‘Benjamin Baumgartner <benjamin@baumgrt.com>’
Package CITATION file contains call(s) to old-style personList() or
as.personList(). Please use c() on person objects instead.
Package CITATION file contains call(s) to old-style citEntry(). Please
use bibentry() instead.
Flavors: r-devel-linux-x86_64-debian-clang, r-devel-linux-x86_64-debian-gcc