Last updated on 2025-01-25 09:49:30 CET.
Flavor | Version | Tinstall | Tcheck | Ttotal | Status | Flags |
---|---|---|---|---|---|---|
r-devel-linux-x86_64-debian-clang | 2024.2 | 2.95 | 28.65 | 31.60 | NOTE | |
r-devel-linux-x86_64-debian-gcc | 2024.2 | 1.85 | 22.33 | 24.18 | NOTE | |
r-devel-linux-x86_64-fedora-clang | 2024.2 | 53.46 | OK | |||
r-devel-linux-x86_64-fedora-gcc | 2024.2 | 62.98 | OK | |||
r-devel-windows-x86_64 | 2024.2 | 5.00 | 50.00 | 55.00 | NOTE | |
r-patched-linux-x86_64 | 2024.2 | 6.23 | 27.90 | 34.13 | OK | |
r-release-linux-x86_64 | 2024.2 | 2.76 | 27.46 | 30.22 | OK | |
r-release-macos-arm64 | 2024.2 | 26.00 | OK | |||
r-release-macos-x86_64 | 2024.2 | 36.00 | OK | |||
r-release-windows-x86_64 | 2024.2 | 5.00 | 50.00 | 55.00 | OK | |
r-oldrel-macos-arm64 | 2024.2 | 28.00 | OK | |||
r-oldrel-macos-x86_64 | 2024.2 | 61.00 | OK | |||
r-oldrel-windows-x86_64 | 2024.2 | 5.00 | 54.00 | 59.00 | OK |
Version: 2024.2
Check: Rd cross-references
Result: NOTE
Found the following Rd file(s) with Rd \link{} targets missing package
anchors:
handout.Rd: pdf_document, html_document
Please provide package anchors for all Rd \link{} targets not in the
package itself and the base packages.
Flavors: r-devel-linux-x86_64-debian-clang, r-devel-linux-x86_64-debian-gcc, r-devel-windows-x86_64