Last updated on 2025-05-25 04:50:31 CEST.
Flavor | Version | Tinstall | Tcheck | Ttotal | Status | Flags |
---|---|---|---|---|---|---|
r-devel-linux-x86_64-debian-clang | 1.0 | 8.51 | 65.37 | 73.88 | OK | |
r-devel-linux-x86_64-debian-gcc | 1.0 | 5.84 | 48.85 | 54.69 | OK | |
r-devel-linux-x86_64-fedora-clang | 1.0 | 111.53 | OK | |||
r-devel-linux-x86_64-fedora-gcc | 1.0 | 122.14 | OK | |||
r-devel-windows-x86_64 | 1.0 | 9.00 | 128.00 | 137.00 | OK | |
r-patched-linux-x86_64 | 1.0 | 7.46 | 61.37 | 68.83 | OK | |
r-release-linux-x86_64 | 1.0 | 7.85 | 61.11 | 68.96 | OK | |
r-release-macos-arm64 | 1.0 | 49.00 | OK | |||
r-release-macos-x86_64 | 1.0 | 81.00 | OK | |||
r-release-windows-x86_64 | 1.0 | 9.00 | 78.00 | 87.00 | OK | |
r-oldrel-macos-arm64 | 1.0 | 38.00 | NOTE | |||
r-oldrel-macos-x86_64 | 1.0 | 65.00 | NOTE | |||
r-oldrel-windows-x86_64 | 1.0 | 12.00 | 95.00 | 107.00 | NOTE |
Version: 1.0
Check: LazyData
Result: NOTE
'LazyData' is specified without a 'data' directory
Flavors: r-oldrel-macos-arm64, r-oldrel-macos-x86_64, r-oldrel-windows-x86_64