Last updated on 2025-05-25 02:50:17 CEST.
Flavor | Version | Tinstall | Tcheck | Ttotal | Status | Flags |
---|---|---|---|---|---|---|
r-devel-linux-x86_64-debian-clang | 0.1.0 | 4.03 | 36.24 | 40.27 | OK | |
r-devel-linux-x86_64-debian-gcc | 0.1.0 | 3.53 | 27.59 | 31.12 | OK | |
r-devel-linux-x86_64-fedora-clang | 0.1.0 | 62.44 | OK | |||
r-devel-linux-x86_64-fedora-gcc | 0.1.0 | 59.60 | OK | |||
r-devel-windows-x86_64 | 0.1.0 | 5.00 | 59.00 | 64.00 | OK | |
r-patched-linux-x86_64 | 0.1.0 | 4.40 | 34.69 | 39.09 | OK | |
r-release-linux-x86_64 | 0.1.0 | 4.03 | 34.71 | 38.74 | OK | |
r-release-macos-arm64 | 0.1.0 | 22.00 | OK | |||
r-release-macos-x86_64 | 0.1.0 | 37.00 | OK | |||
r-release-windows-x86_64 | 0.1.0 | 5.00 | 58.00 | 63.00 | OK | |
r-oldrel-macos-arm64 | 0.1.0 | 22.00 | NOTE | |||
r-oldrel-macos-x86_64 | 0.1.0 | 35.00 | NOTE | |||
r-oldrel-windows-x86_64 | 0.1.0 | 4.00 | 51.00 | 55.00 | NOTE |
Version: 0.1.0
Check: LazyData
Result: NOTE
'LazyData' is specified without a 'data' directory
Flavors: r-oldrel-macos-arm64, r-oldrel-macos-x86_64, r-oldrel-windows-x86_64