Last updated on 2025-05-09 16:53:07 CEST.
Flavor | Version | Tinstall | Tcheck | Ttotal | Status | Flags |
---|---|---|---|---|---|---|
r-devel-linux-x86_64-debian-clang | 0.1.2 | 6.88 | 117.50 | 124.38 | NOTE | |
r-devel-linux-x86_64-debian-gcc | 0.1.2 | 4.88 | 83.82 | 88.70 | NOTE | |
r-devel-linux-x86_64-fedora-clang | 0.1.2 | 178.82 | OK | |||
r-devel-linux-x86_64-fedora-gcc | 0.1.2 | 190.58 | OK | |||
r-devel-windows-x86_64 | 0.1.2 | 8.00 | 111.00 | 119.00 | OK | |
r-patched-linux-x86_64 | 0.1.2 | 6.79 | 110.27 | 117.06 | OK | |
r-release-linux-x86_64 | 0.1.2 | 5.90 | 110.18 | 116.08 | OK | |
r-release-macos-arm64 | 0.1.2 | 54.00 | OK | |||
r-release-macos-x86_64 | 0.1.2 | 93.00 | OK | |||
r-release-windows-x86_64 | 0.1.2 | 9.00 | 109.00 | 118.00 | OK | |
r-oldrel-macos-arm64 | 0.1.2 | 54.00 | OK | |||
r-oldrel-macos-x86_64 | 0.1.2 | 67.00 | OK | |||
r-oldrel-windows-x86_64 | 0.1.2 | 11.00 | 132.00 | 143.00 | OK |
Version: 0.1.2
Check: CRAN incoming feasibility
Result: NOTE
Maintainer: ‘Herdiantri Sufriyana <herdi@nycu.edu.tw>’
The Description field contains
<https://htmlpreview.github.io/?https://github.com/herdiantrisufriyana/rmlnomogram/blob/master/doc/ml_nomogram_exemplar.html>.
Please enclose URLs in angle brackets (<...>).
Flavors: r-devel-linux-x86_64-debian-clang, r-devel-linux-x86_64-debian-gcc