Last updated on 2025-01-25 09:49:26 CET.
Flavor | Version | Tinstall | Tcheck | Ttotal | Status | Flags |
---|---|---|---|---|---|---|
r-devel-linux-x86_64-debian-clang | 0.0.13 | 133.55 | 24.91 | 158.46 | NOTE | |
r-devel-linux-x86_64-debian-gcc | 0.0.14 | 90.80 | 18.72 | 109.52 | OK | |
r-devel-linux-x86_64-fedora-clang | 0.0.13 | 360.67 | OK | |||
r-devel-linux-x86_64-fedora-gcc | 0.0.14 | 333.76 | OK | |||
r-devel-windows-x86_64 | 0.0.13 | 157.00 | 69.00 | 226.00 | OK | |
r-patched-linux-x86_64 | 0.0.14 | 130.45 | 23.16 | 153.61 | OK | |
r-release-linux-x86_64 | 0.0.13 | 129.69 | 23.00 | 152.69 | OK | |
r-release-macos-arm64 | 0.0.13 | 64.00 | NOTE | |||
r-release-macos-x86_64 | 0.0.14 | 99.00 | NOTE | |||
r-release-windows-x86_64 | 0.0.13 | 155.00 | 69.00 | 224.00 | OK | |
r-oldrel-macos-arm64 | 0.0.13 | 60.00 | NOTE | |||
r-oldrel-macos-x86_64 | 0.0.13 | 81.00 | NOTE | |||
r-oldrel-windows-x86_64 | 0.0.14 | 151.00 | 82.00 | 233.00 | OK |
Version: 0.0.13
Check: for unstated dependencies in ‘demo’
Result: NOTE
'library' or 'require' call not declared from: ‘xts’
Flavor: r-devel-linux-x86_64-debian-clang
Version: 0.0.13
Check: installed package size
Result: NOTE
installed size is 7.7Mb
sub-directories of 1Mb or more:
libs 7.5Mb
Flavors: r-release-macos-arm64, r-oldrel-macos-arm64, r-oldrel-macos-x86_64
Version: 0.0.14
Check: installed package size
Result: NOTE
installed size is 7.7Mb
sub-directories of 1Mb or more:
libs 7.6Mb
Flavor: r-release-macos-x86_64