Last updated on 2025-05-25 04:50:28 CEST.
Flavor | Version | Tinstall | Tcheck | Ttotal | Status | Flags |
---|---|---|---|---|---|---|
r-devel-linux-x86_64-debian-clang | 1.0.1 | 2.77 | 59.69 | 62.46 | OK | |
r-devel-linux-x86_64-debian-gcc | 1.0.1 | 2.04 | 43.54 | 45.58 | OK | |
r-devel-linux-x86_64-fedora-clang | 1.0.1 | 97.10 | NOTE | |||
r-devel-linux-x86_64-fedora-gcc | 1.0.1 | 108.81 | NOTE | |||
r-devel-windows-x86_64 | 1.0.1 | 7.00 | 80.00 | 87.00 | OK | |
r-patched-linux-x86_64 | 1.0.1 | 2.88 | 55.01 | 57.89 | OK | |
r-release-linux-x86_64 | 1.0.1 | 2.25 | 55.93 | 58.18 | OK | |
r-release-macos-arm64 | 1.0.1 | 48.00 | OK | |||
r-release-macos-x86_64 | 1.0.1 | 133.00 | OK | |||
r-release-windows-x86_64 | 1.0.1 | 6.00 | 76.00 | 82.00 | OK | |
r-oldrel-macos-arm64 | 1.0.1 | 37.00 | OK | |||
r-oldrel-macos-x86_64 | 1.0.1 | 117.00 | OK | |||
r-oldrel-windows-x86_64 | 1.0.1 | 6.00 | 90.00 | 96.00 | OK |
Version: 1.0.1
Check: dependencies in R code
Result: NOTE
Namespaces in Imports field not imported from:
‘devtools’ ‘qpdf’
All declared Imports should be used.
Flavors: r-devel-linux-x86_64-fedora-clang, r-devel-linux-x86_64-fedora-gcc