Last updated on 2025-01-19 15:48:29 CET.
Flavor | Version | Tinstall | Tcheck | Ttotal | Status | Flags |
---|---|---|---|---|---|---|
r-devel-linux-x86_64-debian-clang | 0.1-17 | 31.50 | 215.54 | 247.04 | OK | |
r-devel-linux-x86_64-debian-gcc | 0.1-17 | 19.34 | 133.34 | 152.68 | OK | |
r-devel-linux-x86_64-fedora-clang | 0.1-17 | 395.08 | OK | |||
r-devel-linux-x86_64-fedora-gcc | 0.1-17 | 369.60 | OK | |||
r-devel-windows-x86_64 | 0.1-17 | 27.00 | 178.00 | 205.00 | OK | |
r-patched-linux-x86_64 | 0.1-17 | 27.11 | 201.07 | 228.18 | OK | |
r-release-linux-x86_64 | 0.1-17 | 25.10 | 203.40 | 228.50 | OK | |
r-release-macos-arm64 | 0.1-17 | 99.00 | NOTE | |||
r-release-macos-x86_64 | 0.1-17 | 189.00 | NOTE | |||
r-release-windows-x86_64 | 0.1-17 | 28.00 | 172.00 | 200.00 | NOTE | |
r-oldrel-macos-arm64 | 0.1-17 | 82.00 | NOTE | |||
r-oldrel-macos-x86_64 | 0.1-17 | 178.00 | NOTE | |||
r-oldrel-windows-x86_64 | 0.1-17 | 34.00 | 233.00 | 267.00 | OK |
Version: 0.1-17
Check: installed package size
Result: NOTE
installed size is 6.0Mb
sub-directories of 1Mb or more:
R 4.6Mb
Flavors: r-release-macos-arm64, r-release-macos-x86_64, r-release-windows-x86_64, r-oldrel-macos-arm64, r-oldrel-macos-x86_64