CRAN Package Check Results for Package pleiotest

Last updated on 2025-05-25 04:50:27 CEST.

Flavor Version Tinstall Tcheck Ttotal Status Flags
r-devel-linux-x86_64-debian-clang 1.0.0 28.68 30.32 59.00 NOTE
r-devel-linux-x86_64-debian-gcc 1.0.0 20.57 23.64 44.21 NOTE
r-devel-linux-x86_64-fedora-clang 1.0.0 109.62 NOTE
r-devel-linux-x86_64-fedora-gcc 1.0.0 104.99 NOTE
r-devel-windows-x86_64 1.0.0 35.00 70.00 105.00 NOTE
r-patched-linux-x86_64 1.0.0 31.43 28.34 59.77 NOTE
r-release-linux-x86_64 1.0.0 28.37 27.95 56.32 NOTE
r-release-macos-arm64 1.0.0 34.00 NOTE
r-release-macos-x86_64 1.0.0 44.00 NOTE
r-release-windows-x86_64 1.0.0 33.00 68.00 101.00 NOTE
r-oldrel-macos-arm64 1.0.0 30.00 NOTE
r-oldrel-macos-x86_64 1.0.0 38.00 NOTE
r-oldrel-windows-x86_64 1.0.0 41.00 78.00 119.00 NOTE

Check Details

Version: 1.0.0
Check: C++ specification
Result: NOTE Specified C++11: please drop specification unless essential Flavors: r-devel-linux-x86_64-debian-clang, r-devel-linux-x86_64-debian-gcc, r-devel-linux-x86_64-fedora-clang, r-devel-linux-x86_64-fedora-gcc, r-devel-windows-x86_64, r-patched-linux-x86_64, r-release-linux-x86_64, r-release-macos-arm64, r-release-macos-x86_64, r-release-windows-x86_64, r-oldrel-macos-arm64, r-oldrel-macos-x86_64, r-oldrel-windows-x86_64