Last updated on 2025-05-24 22:50:13 CEST.
Flavor | Version | Tinstall | Tcheck | Ttotal | Status | Flags |
---|---|---|---|---|---|---|
r-devel-linux-x86_64-debian-clang | 1.7 | 18.20 | 67.46 | 85.66 | NOTE | |
r-devel-linux-x86_64-debian-gcc | 1.7 | 10.89 | 45.35 | 56.24 | NOTE | |
r-devel-linux-x86_64-fedora-clang | 1.7 | 139.11 | OK | |||
r-devel-linux-x86_64-fedora-gcc | 1.7 | 141.97 | OK | |||
r-devel-windows-x86_64 | 1.7 | 17.00 | 147.00 | 164.00 | OK | |
r-patched-linux-x86_64 | 1.7 | 17.61 | 64.87 | 82.48 | OK | |
r-release-linux-x86_64 | 1.7 | 16.66 | 66.80 | 83.46 | OK | |
r-release-macos-arm64 | 1.7 | 42.00 | OK | |||
r-release-macos-x86_64 | 1.7 | 99.00 | OK | |||
r-release-windows-x86_64 | 1.7 | 17.00 | 84.00 | 101.00 | OK | |
r-oldrel-macos-arm64 | 1.7 | 40.00 | OK | |||
r-oldrel-macos-x86_64 | 1.7 | 65.00 | OK | |||
r-oldrel-windows-x86_64 | 1.7 | 17.00 | 98.00 | 115.00 | OK |
Version: 1.7
Check: CRAN incoming feasibility
Result: NOTE
Maintainer: ‘Alexios Galanos <alexios@4dscape.com>’
Package CITATION file contains call(s) to old-style personList() or
as.personList(). Please use c() on person objects instead.
Package CITATION file contains call(s) to old-style citEntry(). Please
use bibentry() instead.
Flavors: r-devel-linux-x86_64-debian-clang, r-devel-linux-x86_64-debian-gcc