Last updated on 2025-05-24 22:50:12 CEST.
Flavor | Version | Tinstall | Tcheck | Ttotal | Status | Flags |
---|---|---|---|---|---|---|
r-devel-linux-x86_64-debian-clang | 1.1.0 | 2.66 | 24.77 | 27.43 | OK | |
r-devel-linux-x86_64-debian-gcc | 1.1.0 | 2.37 | 19.07 | 21.44 | OK | |
r-devel-linux-x86_64-fedora-clang | 1.1.0 | 45.48 | OK | |||
r-devel-linux-x86_64-fedora-gcc | 1.1.0 | 42.28 | OK | |||
r-devel-windows-x86_64 | 1.1.0 | 4.00 | 63.00 | 67.00 | OK | |
r-patched-linux-x86_64 | 1.1.0 | 3.18 | 23.70 | 26.88 | OK | |
r-release-linux-x86_64 | 1.1.0 | 3.08 | 23.85 | 26.93 | OK | |
r-release-macos-arm64 | 1.1.0 | 16.00 | OK | |||
r-release-macos-x86_64 | 1.1.0 | 46.00 | OK | |||
r-release-windows-x86_64 | 1.1.0 | 3.00 | 48.00 | 51.00 | OK | |
r-oldrel-macos-arm64 | 1.1.0 | 23.00 | OK | |||
r-oldrel-macos-x86_64 | 1.1.0 | 31.00 | WARN | |||
r-oldrel-windows-x86_64 | 1.1.0 | 6.00 | 52.00 | 58.00 | OK |
Version: 1.1.0
Check: Rd files
Result: WARN
cannot open the connection
equa2vecmat.Rd: Sections \title, and \name must exist and be unique in Rd files
join.Rd: Sections \title, and \name must exist and be unique in Rd files
ldp.Rd: Sections \title, and \name must exist and be unique in Rd files
ls_0.Rd: Sections \title, and \name must exist and be unique in Rd files
ls_ln.Rd: Sections \title, and \name must exist and be unique in Rd files
ls_ln_svd.Rd: Sections \title, and \name must exist and be unique in Rd files
lsi.Rd: Sections \title, and \name must exist and be unique in Rd files
lsi_ln.Rd: Sections \title, and \name must exist and be unique in Rd files
lsi_reg.Rd: Sections \title, and \name must exist and be unique in Rd files
lsie_ln.Rd: Sections \title, and \name must exist and be unique in Rd files
Error writing to connection: No space left on device
pnull.Rd: Sections \title, and \name must exist and be unique in Rd files
tls.Rd: Sections \title, and \name must exist and be unique in Rd files
uplo2uco.Rd: Sections \title, and \name must exist and be unique in Rd files
problems found in ‘Nulla.Rd’, ‘equa2vecmat.Rd’, ‘join.Rd’, ‘ldp.Rd’, ‘ls_0.Rd’, ‘ls_ln.Rd’, ‘ls_ln_svd.Rd’, ‘lsi.Rd’, ‘lsi_ln.Rd’, ‘lsi_reg.Rd’, ‘lsie_ln.Rd’, ‘nlsic.Rd’, ‘pnull.Rd’, ‘tls.Rd’, ‘uplo2uco.Rd’
Flavor: r-oldrel-macos-x86_64