Last updated on 2025-05-25 08:52:29 CEST.
Flavor | Version | Tinstall | Tcheck | Ttotal | Status | Flags |
---|---|---|---|---|---|---|
r-devel-linux-x86_64-debian-clang | 0.1.5 | 3.09 | 31.06 | 34.15 | NOTE | |
r-devel-linux-x86_64-debian-gcc | 0.1.5 | 2.44 | 26.01 | 28.45 | NOTE | |
r-devel-linux-x86_64-fedora-clang | 0.1.5 | 53.39 | OK | |||
r-devel-linux-x86_64-fedora-gcc | 0.1.5 | 51.75 | OK | |||
r-devel-windows-x86_64 | 0.1.5 | 4.00 | 61.00 | 65.00 | OK | |
r-patched-linux-x86_64 | 0.1.5 | 3.49 | 33.80 | 37.29 | OK | |
r-release-linux-x86_64 | 0.1.5 | 2.93 | 33.78 | 36.71 | OK | |
r-release-macos-arm64 | 0.1.5 | 30.00 | OK | |||
r-release-macos-x86_64 | 0.1.5 | 54.00 | OK | |||
r-release-windows-x86_64 | 0.1.5 | 4.00 | 56.00 | 60.00 | OK | |
r-oldrel-macos-arm64 | 0.1.5 | 22.00 | OK | |||
r-oldrel-macos-x86_64 | 0.1.5 | 36.00 | OK | |||
r-oldrel-windows-x86_64 | 0.1.5 | 4.00 | 58.00 | 62.00 | OK |
Version: 0.1.5
Check: CRAN incoming feasibility
Result: NOTE
Maintainer: ‘Novia Permatasari <novia.permatasari@bps.go.id>’
No Authors@R field in DESCRIPTION.
Please add one, modifying
Authors@R: c(person(given = "Novia",
family = "Permatasari",
role = c("aut", "cre"),
email = "novia.permatasari@bps.go.id"),
person(given = "Azka",
family = "Ubaidillah",
role = "aut"))
as necessary.
Flavors: r-devel-linux-x86_64-debian-clang, r-devel-linux-x86_64-debian-gcc