Last updated on 2025-05-25 04:50:24 CEST.
Flavor | Version | Tinstall | Tcheck | Ttotal | Status | Flags |
---|---|---|---|---|---|---|
r-devel-linux-x86_64-debian-clang | 1.4.0 | 41.30 | 26.71 | 68.01 | NOTE | |
r-devel-linux-x86_64-debian-gcc | 1.4.0 | 29.91 | 21.13 | 51.04 | NOTE | |
r-devel-linux-x86_64-fedora-clang | 1.4.0 | 126.82 | NOTE | |||
r-devel-linux-x86_64-fedora-gcc | 1.4.0 | 127.91 | NOTE | |||
r-devel-windows-x86_64 | 1.4.0 | 49.00 | 76.00 | 125.00 | NOTE | |
r-patched-linux-x86_64 | 1.4.0 | 39.47 | 25.54 | 65.01 | NOTE | |
r-release-linux-x86_64 | 1.4.0 | 37.07 | 25.32 | 62.39 | NOTE | |
r-release-macos-arm64 | 1.4.0 | 34.00 | NOTE | |||
r-release-macos-x86_64 | 1.4.0 | 57.00 | NOTE | |||
r-release-windows-x86_64 | 1.4.0 | 47.00 | 76.00 | 123.00 | NOTE | |
r-oldrel-macos-arm64 | 1.4.0 | 34.00 | NOTE | |||
r-oldrel-macos-x86_64 | 1.4.0 | 39.00 | NOTE | |||
r-oldrel-windows-x86_64 | 1.4.0 | 55.00 | 86.00 | 141.00 | NOTE |
Version: 1.4.0
Check: C++ specification
Result: NOTE
Specified C++11: please drop specification unless essential
Flavors: r-devel-linux-x86_64-debian-clang, r-devel-linux-x86_64-debian-gcc, r-devel-linux-x86_64-fedora-clang, r-devel-linux-x86_64-fedora-gcc, r-devel-windows-x86_64, r-patched-linux-x86_64, r-release-linux-x86_64, r-release-macos-arm64, r-release-macos-x86_64, r-release-windows-x86_64, r-oldrel-macos-arm64, r-oldrel-macos-x86_64, r-oldrel-windows-x86_64
Version: 1.4.0
Check: package subdirectories
Result: NOTE
Problems with news in ‘NEWS.md’:
No news entries found.
Flavors: r-devel-linux-x86_64-debian-clang, r-devel-linux-x86_64-debian-gcc, r-devel-linux-x86_64-fedora-clang, r-devel-linux-x86_64-fedora-gcc, r-devel-windows-x86_64, r-patched-linux-x86_64, r-release-linux-x86_64, r-release-macos-arm64, r-release-macos-x86_64, r-release-windows-x86_64, r-oldrel-macos-arm64, r-oldrel-macos-x86_64, r-oldrel-windows-x86_64