Last updated on 2025-05-25 04:50:24 CEST.
Flavor | Version | Tinstall | Tcheck | Ttotal | Status | Flags |
---|---|---|---|---|---|---|
r-devel-linux-x86_64-debian-clang | 0.1.0 | 3.56 | 30.56 | 34.12 | NOTE | |
r-devel-linux-x86_64-debian-gcc | 0.1.0 | 2.37 | 24.15 | 26.52 | NOTE | |
r-devel-linux-x86_64-fedora-clang | 0.1.0 | 56.97 | OK | |||
r-devel-linux-x86_64-fedora-gcc | 0.1.0 | 53.12 | OK | |||
r-devel-windows-x86_64 | 0.1.0 | 6.00 | 103.00 | 109.00 | OK | |
r-patched-linux-x86_64 | 0.1.0 | 4.32 | 29.92 | 34.24 | OK | |
r-release-linux-x86_64 | 0.1.0 | 3.55 | 29.66 | 33.21 | OK | |
r-release-macos-arm64 | 0.1.0 | 21.00 | OK | |||
r-release-macos-x86_64 | 0.1.0 | 34.00 | OK | |||
r-release-windows-x86_64 | 0.1.0 | 6.00 | 55.00 | 61.00 | OK | |
r-oldrel-macos-arm64 | 0.1.0 | 20.00 | OK | |||
r-oldrel-macos-x86_64 | 0.1.0 | 28.00 | OK | |||
r-oldrel-windows-x86_64 | 0.1.0 | 6.00 | 61.00 | 67.00 | OK |
Version: 0.1.0
Check: CRAN incoming feasibility
Result: NOTE
Maintainer: ‘Laura Mack <laum52@zedat.fu-berlin.de>’
The Description field contains
<arXiv:2208.11438>].
Please refer to arXiv e-prints via their arXiv DOI <doi:10.48550/arXiv.YYMM.NNNNN>.
Flavors: r-devel-linux-x86_64-debian-clang, r-devel-linux-x86_64-debian-gcc