CRAN Package Check Results for Package metalite.table1

Last updated on 2025-01-25 09:49:21 CET.

Flavor Version Tinstall Tcheck Ttotal Status Flags
r-devel-linux-x86_64-debian-clang 0.4.0 1.87 20.94 22.81 NOTE
r-devel-linux-x86_64-debian-gcc 0.4.0 1.51 16.34 17.85 NOTE
r-devel-linux-x86_64-fedora-clang 0.4.0 37.77 OK
r-devel-linux-x86_64-fedora-gcc 0.4.0 51.80 NOTE
r-devel-windows-x86_64 0.4.0 4.00 42.00 46.00 OK
r-patched-linux-x86_64 0.4.0 1.92 19.97 21.89 OK
r-release-linux-x86_64 0.4.0 1.47 20.48 21.95 OK
r-release-macos-arm64 0.4.0 29.00 OK
r-release-macos-x86_64 0.4.0 37.00 OK
r-release-windows-x86_64 0.4.0 4.00 42.00 46.00 OK
r-oldrel-macos-arm64 0.4.0 26.00 OK
r-oldrel-macos-x86_64 0.4.0 41.00 OK
r-oldrel-windows-x86_64 0.4.0 4.00 43.00 47.00 OK

Check Details

Version: 0.4.0
Check: DESCRIPTION meta-information
Result: NOTE Missing dependency on R >= 4.1.0 because package code uses the pipe |> or function shorthand \(...) syntax added in R 4.1.0. File(s) using such syntax: ‘metalite_table1_to_rtf.R’ Flavors: r-devel-linux-x86_64-debian-clang, r-devel-linux-x86_64-debian-gcc, r-devel-linux-x86_64-fedora-gcc