Last updated on 2025-05-25 04:50:23 CEST.
Flavor | Version | Tinstall | Tcheck | Ttotal | Status | Flags |
---|---|---|---|---|---|---|
r-devel-linux-x86_64-debian-clang | 1.0.8 | 6.24 | 76.64 | 82.88 | NOTE | |
r-devel-linux-x86_64-debian-gcc | 1.0.8 | 5.63 | 55.39 | 61.02 | NOTE | |
r-devel-linux-x86_64-fedora-clang | 1.0.8 | 128.95 | NOTE | |||
r-devel-linux-x86_64-fedora-gcc | 1.0.8 | 141.58 | NOTE | |||
r-devel-windows-x86_64 | 1.0.8 | 8.00 | 93.00 | 101.00 | NOTE | |
r-patched-linux-x86_64 | 1.0.8 | 7.23 | 71.39 | 78.62 | NOTE | |
r-release-linux-x86_64 | 1.0.8 | 6.80 | 72.88 | 79.68 | NOTE | |
r-release-macos-arm64 | 1.0.8 | 84.00 | NOTE | |||
r-release-macos-x86_64 | 1.0.8 | 80.00 | NOTE | |||
r-release-windows-x86_64 | 1.0.8 | 8.00 | 85.00 | 93.00 | NOTE | |
r-oldrel-macos-arm64 | 1.0.8 | 41.00 | NOTE | |||
r-oldrel-macos-x86_64 | 1.0.8 | 62.00 | NOTE | |||
r-oldrel-windows-x86_64 | 1.0.8 | 11.00 | 105.00 | 116.00 | NOTE |
Version: 1.0.8
Check: Rd files
Result: NOTE
checkRd: (-1) mcvis.Rd:32: Lost braces in \itemize; \value handles \item{}{} directly
checkRd: (-1) mcvis.Rd:33: Lost braces in \itemize; \value handles \item{}{} directly
checkRd: (-1) mcvis.Rd:34: Lost braces in \itemize; \value handles \item{}{} directly
Flavors: r-devel-linux-x86_64-debian-clang, r-devel-linux-x86_64-debian-gcc, r-devel-linux-x86_64-fedora-clang, r-devel-linux-x86_64-fedora-gcc, r-devel-windows-x86_64, r-patched-linux-x86_64, r-release-linux-x86_64, r-release-macos-arm64, r-release-macos-x86_64, r-release-windows-x86_64, r-oldrel-macos-arm64, r-oldrel-macos-x86_64, r-oldrel-windows-x86_64