CRAN Package Check Results for Package mcmcplots

Last updated on 2025-05-25 04:50:23 CEST.

Flavor Version Tinstall Tcheck Ttotal Status Flags
r-devel-linux-x86_64-debian-clang 0.4.3 3.42 37.03 40.45 NOTE
r-devel-linux-x86_64-debian-gcc 0.4.3 2.52 28.02 30.54 NOTE
r-devel-linux-x86_64-fedora-clang 0.4.3 60.93 OK
r-devel-linux-x86_64-fedora-gcc 0.4.3 59.48 OK
r-devel-windows-x86_64 0.4.3 4.00 108.00 112.00 NOTE
r-patched-linux-x86_64 0.4.3 3.97 35.86 39.83 NOTE
r-release-linux-x86_64 0.4.3 2.98 35.62 38.60 NOTE
r-release-macos-arm64 0.4.3 22.00 OK
r-release-macos-x86_64 0.4.3 42.00 OK
r-release-windows-x86_64 0.4.3 5.00 69.00 74.00 NOTE
r-oldrel-macos-arm64 0.4.3 22.00 NOTE
r-oldrel-macos-x86_64 0.4.3 32.00 NOTE
r-oldrel-windows-x86_64 0.4.3 6.00 73.00 79.00 NOTE

Check Details

Version: 0.4.3
Check: Rd cross-references
Result: NOTE Found the following Rd file(s) with Rd \link{} targets missing package anchors: caterplot.Rd: denstrip Please provide package anchors for all Rd \link{} targets not in the package itself and the base packages. Flavors: r-devel-linux-x86_64-debian-clang, r-devel-linux-x86_64-debian-gcc, r-devel-windows-x86_64, r-patched-linux-x86_64, r-release-linux-x86_64, r-release-windows-x86_64

Version: 0.4.3
Check: LazyData
Result: NOTE 'LazyData' is specified without a 'data' directory Flavors: r-oldrel-macos-arm64, r-oldrel-macos-x86_64, r-oldrel-windows-x86_64