Last updated on 2025-05-25 04:50:23 CEST.
Flavor | Version | Tinstall | Tcheck | Ttotal | Status | Flags |
---|---|---|---|---|---|---|
r-devel-linux-x86_64-debian-clang | 1.3.1 | 1.58 | 24.36 | 25.94 | OK | |
r-devel-linux-x86_64-debian-gcc | 1.3.1 | 1.46 | 19.85 | 21.31 | OK | |
r-devel-linux-x86_64-fedora-clang | 1.3.1 | 40.70 | OK | |||
r-devel-linux-x86_64-fedora-gcc | 1.3.1 | 52.19 | OK | |||
r-devel-windows-x86_64 | 1.3.1 | 3.00 | 79.00 | 82.00 | OK | |
r-patched-linux-x86_64 | 1.3.1 | 1.87 | 22.41 | 24.28 | OK | |
r-release-linux-x86_64 | 1.3.1 | 1.80 | 22.26 | 24.06 | OK | |
r-release-macos-arm64 | 1.3.1 | 23.00 | OK | |||
r-release-macos-x86_64 | 1.3.1 | 43.00 | OK | |||
r-release-windows-x86_64 | 1.3.1 | 4.00 | 44.00 | 48.00 | OK | |
r-oldrel-macos-arm64 | 1.3.1 | 21.00 | NOTE | |||
r-oldrel-macos-x86_64 | 1.3.1 | 35.00 | NOTE | |||
r-oldrel-windows-x86_64 | 1.3.1 | 2.00 | 48.00 | 50.00 | NOTE |
Version: 1.3.1
Check: LazyData
Result: NOTE
'LazyData' is specified without a 'data' directory
Flavors: r-oldrel-macos-arm64, r-oldrel-macos-x86_64, r-oldrel-windows-x86_64