CRAN Package Check Results for Package matlab

Last updated on 2025-05-25 02:50:11 CEST.

Flavor Version Tinstall Tcheck Ttotal Status Flags
r-devel-linux-x86_64-debian-clang 1.0.4.1 3.73 92.28 96.01 NOTE
r-devel-linux-x86_64-debian-gcc 1.0.4.1 2.76 64.37 67.13 NOTE
r-devel-linux-x86_64-fedora-clang 1.0.4.1 217.49 OK
r-devel-linux-x86_64-fedora-gcc 1.0.4.1 216.78 OK
r-devel-windows-x86_64 1.0.4.1 4.00 189.00 193.00 OK
r-patched-linux-x86_64 1.0.4.1 3.87 113.47 117.34 OK
r-release-linux-x86_64 1.0.4.1 3.83 90.70 94.53 OK
r-release-macos-arm64 1.0.4.1 60.00 OK
r-release-macos-x86_64 1.0.4.1 108.00 OK
r-release-windows-x86_64 1.0.4.1 5.00 190.00 195.00 OK
r-oldrel-macos-arm64 1.0.4.1 62.00 OK
r-oldrel-macos-x86_64 1.0.4.1 165.00 OK
r-oldrel-windows-x86_64 1.0.4.1 10.00 200.00 210.00 OK

Check Details

Version: 1.0.4.1
Check: CRAN incoming feasibility
Result: NOTE Maintainer: ‘P. Roebuck <proebuck1701@gmail.com>’ No Authors@R field in DESCRIPTION. Please add one, modifying Authors@R: person(given = "P.", family = "Roebuck", role = c("aut", "cre"), email = "proebuck1701@gmail.com") as necessary. Flavors: r-devel-linux-x86_64-debian-clang, r-devel-linux-x86_64-debian-gcc