CRAN Package Check Results for Package linevis

Last updated on 2025-02-04 19:50:21 CET.

Flavor Version Tinstall Tcheck Ttotal Status Flags
r-devel-linux-x86_64-debian-clang 1.0.0 2.84 37.77 40.61 OK
r-devel-linux-x86_64-debian-gcc 1.0.0 2.59 30.52 33.11 OK
r-devel-linux-x86_64-fedora-clang 1.0.0 68.11 OK
r-devel-linux-x86_64-fedora-gcc 1.0.0 76.53 OK
r-devel-windows-x86_64 1.0.0 5.00 61.00 66.00 OK
r-patched-linux-x86_64 1.0.0 2.44 35.64 38.08 OK
r-release-linux-x86_64 1.0.0 2.57 35.47 38.04 OK
r-release-macos-arm64 1.0.0 36.00 OK
r-release-macos-x86_64 1.0.0 70.00 OK
r-release-windows-x86_64 1.0.0 5.00 60.00 65.00 OK
r-oldrel-macos-arm64 1.0.0 38.00 OK
r-oldrel-macos-x86_64 1.0.0 83.00 ERROR
r-oldrel-windows-x86_64 1.0.0 5.00 67.00 72.00 OK

Check Details

Version: 1.0.0
Check: re-building of vignette outputs
Result: ERROR Error(s) in re-building vignettes: --- re-building ‘linevis.Rmd’ using rmarkdown Pandoc is required to build R Markdown vignettes but not available. Please make sure it is installed. Quitting from lines 50-51 [unnamed-chunk-2] (linevis.Rmd) Error: processing vignette 'linevis.Rmd' failed with diagnostics: Chrome debugging port not open after 10 seconds. --- failed re-building ‘linevis.Rmd’ SUMMARY: processing the following file failed: ‘linevis.Rmd’ Error: Vignette re-building failed. Execution halted Flavor: r-oldrel-macos-x86_64