Last updated on 2025-05-24 22:50:08 CEST.
Flavor | Version | Tinstall | Tcheck | Ttotal | Status | Flags |
---|---|---|---|---|---|---|
r-devel-linux-x86_64-debian-clang | 1.0-1 | 10.44 | 89.76 | 100.20 | NOTE | |
r-devel-linux-x86_64-debian-gcc | 1.0-1 | 8.55 | 72.05 | 80.60 | NOTE | |
r-devel-linux-x86_64-fedora-clang | 1.0-1 | 152.53 | OK | |||
r-devel-linux-x86_64-fedora-gcc | 1.0-1 | 151.80 | OK | |||
r-devel-windows-x86_64 | 1.0-1 | 11.00 | 99.00 | 110.00 | OK | |
r-patched-linux-x86_64 | 1.0-1 | 10.78 | 88.04 | 98.82 | NOTE | |
r-release-linux-x86_64 | 1.0-1 | 10.86 | 88.19 | 99.05 | NOTE | |
r-release-macos-arm64 | 1.0-1 | 49.00 | OK | |||
r-release-macos-x86_64 | 1.0-1 | 91.00 | OK | |||
r-release-windows-x86_64 | 1.0-1 | 11.00 | 97.00 | 108.00 | OK | |
r-oldrel-macos-arm64 | 1.0-1 | 45.00 | NOTE | |||
r-oldrel-macos-x86_64 | 1.0-1 | 69.00 | NOTE | |||
r-oldrel-windows-x86_64 | 1.0-1 | 15.00 | 116.00 | 131.00 | NOTE |
Version: 1.0-1
Check: for unstated dependencies in ‘demo’
Result: NOTE
'library' or 'require' call not declared from: ‘strucchange’
Flavors: r-devel-linux-x86_64-debian-clang, r-devel-linux-x86_64-debian-gcc, r-patched-linux-x86_64, r-release-linux-x86_64
Version: 1.0-1
Check: installed package size
Result: NOTE
installed size is 8.4Mb
sub-directories of 1Mb or more:
data 8.2Mb
Flavors: r-oldrel-macos-arm64, r-oldrel-macos-x86_64, r-oldrel-windows-x86_64