Last updated on 2025-07-16 04:50:14 CEST.
Flavor | Version | Tinstall | Tcheck | Ttotal | Status | Flags |
---|---|---|---|---|---|---|
r-devel-linux-x86_64-debian-clang | 1.3.0 | 13.57 | 109.16 | 122.73 | NOTE | |
r-devel-linux-x86_64-debian-gcc | 1.3.0 | 8.77 | 76.16 | 84.93 | NOTE | |
r-devel-linux-x86_64-fedora-clang | 1.3.0 | 183.34 | OK | |||
r-devel-linux-x86_64-fedora-gcc | 1.3.0 | 169.20 | OK | |||
r-devel-windows-x86_64 | 1.3.0 | 13.00 | 103.00 | 116.00 | OK | |
r-patched-linux-x86_64 | 1.3.0 | 12.98 | 99.22 | 112.20 | OK | |
r-release-linux-x86_64 | 1.3.0 | 13.56 | 99.55 | 113.11 | OK | |
r-release-macos-arm64 | 1.3.0 | 50.00 | OK | |||
r-release-macos-x86_64 | 1.3.0 | 123.00 | OK | |||
r-release-windows-x86_64 | 1.3.0 | 14.00 | 110.00 | 124.00 | OK | |
r-oldrel-macos-arm64 | 1.3.0 | 47.00 | OK | |||
r-oldrel-macos-x86_64 | 1.3.0 | 74.00 | OK | |||
r-oldrel-windows-x86_64 | 1.3.0 | 20.00 | 133.00 | 153.00 | OK |
Version: 1.3.0
Check: CRAN incoming feasibility
Result: NOTE
Maintainer: ‘Giancarlo Vercellino <giancarlo.vercellino@gmail.com>’
No Authors@R field in DESCRIPTION.
Please add one, modifying
Authors@R: person(given = "Giancarlo",
family = "Vercellino",
role = c("aut", "cre"),
email = "giancarlo.vercellino@gmail.com")
as necessary.
Flavors: r-devel-linux-x86_64-debian-clang, r-devel-linux-x86_64-debian-gcc