CRAN Package Check Results for Package incR

Last updated on 2025-05-25 04:50:21 CEST.

Flavor Version Tinstall Tcheck Ttotal Status Flags
r-devel-linux-x86_64-debian-clang 2.1.0 2.32 39.26 41.58 NOTE
r-devel-linux-x86_64-debian-gcc 2.1.0 2.16 28.98 31.14 NOTE
r-devel-linux-x86_64-fedora-clang 2.1.0 66.92 OK
r-devel-linux-x86_64-fedora-gcc 2.1.0 78.12 OK
r-devel-windows-x86_64 2.1.0 6.00 66.00 72.00 NOTE
r-patched-linux-x86_64 2.1.0 3.58 36.92 40.50 NOTE
r-release-linux-x86_64 2.1.0 3.19 36.93 40.12 NOTE
r-release-macos-arm64 2.1.0 35.00 OK
r-release-macos-x86_64 2.1.0 53.00 OK
r-release-windows-x86_64 2.1.0 5.00 64.00 69.00 NOTE
r-oldrel-macos-arm64 2.1.0 29.00 OK
r-oldrel-macos-x86_64 2.1.0 44.00 OK
r-oldrel-windows-x86_64 2.1.0 7.00 72.00 79.00 OK

Check Details

Version: 2.1.0
Check: Rd cross-references
Result: NOTE Found the following Rd file(s) with Rd \link{} targets missing package anchors: incRplot.Rd: ggplot2 incRt.Rd: getSunlightTimes Please provide package anchors for all Rd \link{} targets not in the package itself and the base packages. Flavors: r-devel-linux-x86_64-debian-clang, r-devel-linux-x86_64-debian-gcc, r-devel-windows-x86_64, r-patched-linux-x86_64, r-release-linux-x86_64, r-release-windows-x86_64