CRAN Package Check Results for Package fuzzyjoin

Last updated on 2025-07-16 04:50:11 CEST.

Flavor Version Tinstall Tcheck Ttotal Status Flags
r-devel-linux-x86_64-debian-clang 0.1.6.1 4.71 124.20 128.91 OK
r-devel-linux-x86_64-debian-gcc 0.1.6.1 3.28 78.12 81.40 OK
r-devel-linux-x86_64-fedora-clang 0.1.6.1 186.15 OK
r-devel-linux-x86_64-fedora-gcc 0.1.6.1 205.11 OK
r-devel-windows-x86_64 0.1.6.1 6.00 117.00 123.00 OK
r-patched-linux-x86_64 0.1.6 4.59 107.37 111.96 NOTE
r-release-linux-x86_64 0.1.6.1 4.30 107.52 111.82 OK
r-release-macos-arm64 0.1.6.1 59.00 OK
r-release-macos-x86_64 0.1.6.1 119.00 OK
r-release-windows-x86_64 0.1.6.1 6.00 124.00 130.00 OK
r-oldrel-macos-arm64 0.1.6.1 68.00 OK
r-oldrel-macos-x86_64 0.1.6.1 108.00 OK
r-oldrel-windows-x86_64 0.1.6.1 9.00 144.00 153.00 OK

Additional issues

noSuggests

Check Details

Version: 0.1.6
Check: Rd files
Result: NOTE checkRd: (-1) misspellings.Rd:18: Lost braces 18 | This is a code{tbl_df} mapping misspellings of their words, compiled by | ^ Flavor: r-patched-linux-x86_64

Version: 0.1.6
Check: Rd cross-references
Result: NOTE Found the following Rd file(s) with Rd \link{} targets missing package anchors: regex_join.Rd: str_detect stringdist_join.Rd: stringdist Please provide package anchors for all Rd \link{} targets not in the package itself and the base packages. Flavor: r-patched-linux-x86_64