Last updated on 2025-01-19 15:48:21 CET.
Flavor | Version | Tinstall | Tcheck | Ttotal | Status | Flags |
---|---|---|---|---|---|---|
r-devel-linux-x86_64-debian-clang | 0.1.3 | 14.48 | 50.91 | 65.39 | OK | |
r-devel-linux-x86_64-debian-gcc | 0.1.3 | 10.73 | 34.73 | 45.46 | OK | |
r-devel-linux-x86_64-fedora-clang | 0.1.3 | 121.13 | NOTE | |||
r-devel-linux-x86_64-fedora-gcc | 0.1.3 | 127.20 | NOTE | |||
r-devel-windows-x86_64 | 0.1.3 | 20.00 | 79.00 | 99.00 | OK | |
r-patched-linux-x86_64 | 0.1.3 | 14.04 | 47.54 | 61.58 | OK | |
r-release-linux-x86_64 | 0.1.3 | 14.96 | 48.33 | 63.29 | OK | |
r-release-macos-arm64 | 0.1.3 | 35.00 | OK | |||
r-release-macos-x86_64 | 0.1.3 | 64.00 | OK | |||
r-release-windows-x86_64 | 0.1.3 | 19.00 | 81.00 | 100.00 | OK | |
r-oldrel-macos-arm64 | 0.1.3 | 42.00 | OK | |||
r-oldrel-macos-x86_64 | 0.1.3 | 68.00 | OK | |||
r-oldrel-windows-x86_64 | 0.1.3 | 24.00 | 99.00 | 123.00 | OK |
Version: 0.1.3
Check: dependencies in R code
Result: NOTE
Namespaces in Imports field not imported from:
‘kableExtra’ ‘knitr’ ‘rmarkdown’
All declared Imports should be used.
Flavors: r-devel-linux-x86_64-fedora-clang, r-devel-linux-x86_64-fedora-gcc