Last updated on 2025-05-09 20:49:50 CEST.
Flavor | Version | Tinstall | Tcheck | Ttotal | Status | Flags |
---|---|---|---|---|---|---|
r-devel-linux-x86_64-debian-clang | 0.0.4 | 7.52 | 101.36 | 108.88 | NOTE | |
r-devel-linux-x86_64-debian-gcc | 0.0.4 | 4.99 | 74.63 | 79.62 | NOTE | |
r-devel-linux-x86_64-fedora-clang | 0.0.4 | 181.54 | OK | |||
r-devel-linux-x86_64-fedora-gcc | 0.0.4 | 174.91 | OK | |||
r-devel-windows-x86_64 | 0.0.4 | 9.00 | 115.00 | 124.00 | OK | |
r-patched-linux-x86_64 | 0.0.4 | 6.33 | 96.74 | 103.07 | OK | |
r-release-linux-x86_64 | 0.0.4 | 6.19 | 96.45 | 102.64 | OK | |
r-release-macos-arm64 | 0.0.4 | 58.00 | OK | |||
r-release-macos-x86_64 | 0.0.4 | 154.00 | OK | |||
r-release-windows-x86_64 | 0.0.4 | 8.00 | 114.00 | 122.00 | OK | |
r-oldrel-macos-arm64 | 0.0.4 | 56.00 | OK | |||
r-oldrel-macos-x86_64 | 0.0.4 | 82.00 | OK | |||
r-oldrel-windows-x86_64 | 0.0.4 | 11.00 | 143.00 | 154.00 | OK |
Version: 0.0.4
Check: CRAN incoming feasibility
Result: NOTE
Maintainer: ‘Brian D. Williamson <brian.d.williamson@kp.org>’
The Description field contains
Williamson and Huang (2023+) <arXiv:2202.12989>.
Please refer to arXiv e-prints via their arXiv DOI <doi:10.48550/arXiv.YYMM.NNNNN>.
Flavors: r-devel-linux-x86_64-debian-clang, r-devel-linux-x86_64-debian-gcc