Last updated on 2025-01-16 13:50:12 CET.
Flavor | Version | Tinstall | Tcheck | Ttotal | Status | Flags |
---|---|---|---|---|---|---|
r-devel-linux-x86_64-debian-clang | 1.0 | 66.69 | 61.89 | 128.58 | OK | |
r-devel-linux-x86_64-debian-gcc | 1.0 | 45.08 | 41.40 | 86.48 | OK | |
r-devel-linux-x86_64-fedora-clang | 1.0 | 225.21 | OK | |||
r-devel-linux-x86_64-fedora-gcc | 1.0 | 238.04 | OK | |||
r-devel-windows-x86_64 | 1.0 | 66.00 | 96.00 | 162.00 | OK | |
r-patched-linux-x86_64 | 1.0 | 68.27 | 55.02 | 123.29 | OK | |
r-release-linux-x86_64 | 1.0 | 63.11 | 55.28 | 118.39 | OK | |
r-release-macos-arm64 | 1.0 | 59.00 | NOTE | |||
r-release-macos-x86_64 | 1.0 | 155.00 | NOTE | |||
r-release-windows-x86_64 | 1.0 | 64.00 | 98.00 | 162.00 | OK | |
r-oldrel-macos-arm64 | 1.0 | 57.00 | NOTE | |||
r-oldrel-macos-x86_64 | 1.0 | 137.00 | NOTE | |||
r-oldrel-windows-x86_64 | 1.0 | 76.00 | 107.00 | 183.00 | OK |
Version: 1.0
Check: installed package size
Result: NOTE
installed size is 7.8Mb
sub-directories of 1Mb or more:
libs 7.5Mb
Flavors: r-release-macos-arm64, r-release-macos-x86_64, r-oldrel-macos-arm64, r-oldrel-macos-x86_64