Last updated on 2025-05-25 04:50:18 CEST.
Flavor | Version | Tinstall | Tcheck | Ttotal | Status | Flags |
---|---|---|---|---|---|---|
r-devel-linux-x86_64-debian-clang | 0.0.0.7 | 18.95 | 67.76 | 86.71 | OK | |
r-devel-linux-x86_64-debian-gcc | 0.0.0.7 | 14.39 | 53.41 | 67.80 | OK | |
r-devel-linux-x86_64-fedora-clang | 0.0.0.7 | 142.57 | OK | |||
r-devel-linux-x86_64-fedora-gcc | 0.0.0.7 | 165.59 | OK | |||
r-devel-windows-x86_64 | 0.0.0.7 | 30.00 | 124.00 | 154.00 | OK | |
r-patched-linux-x86_64 | 0.0.0.4 | 20.51 | 46.03 | 66.54 | OK | |
r-release-linux-x86_64 | 0.0.0.7 | 19.13 | 70.08 | 89.21 | OK | |
r-release-macos-arm64 | 0.0.0.7 | 98.00 | OK | |||
r-release-macos-x86_64 | 0.0.0.7 | 123.00 | OK | |||
r-release-windows-x86_64 | 0.0.0.7 | 25.00 | 124.00 | 149.00 | OK | |
r-oldrel-macos-arm64 | 0.0.0.7 | 83.00 | OK | |||
r-oldrel-macos-x86_64 | 0.0.0.7 | 118.00 | OK | |||
r-oldrel-windows-x86_64 | 0.0.0.7 | 38.00 | 133.00 | 171.00 | WARN |
Version: 0.0.0.7
Check: whether package can be installed
Result: WARN
Found the following significant warnings:
hitAndRun.c:88:37: warning: unknown conversion type character 'z' in format [-Wformat=]
hitAndRun.c:88:41: warning: format '%u' expects argument of type 'unsigned int', but argument 4 has type 'size_t' {aka 'long long unsigned int'} [-Wformat=]
hitAndRun.c:88:49: warning: format '%f' expects argument of type 'double', but argument 6 has type 'int' [-Wformat=]
hitAndRun.c:88:32: warning: too many arguments for format [-Wformat-extra-args]
hitAndRun.c:307:6: warning: function declaration isn't a prototype [-Wstrict-prototypes]
hitAndRun.c:450:6: warning: function declaration isn't a prototype [-Wstrict-prototypes]
main.c:404:5: warning: function declaration isn't a prototype [-Wstrict-prototypes]
See 'd:/Rcompile/CRANpkg/local/4.4/fastei.Rcheck/00install.out' for details.
* used C compiler: 'gcc.exe (GCC) 13.3.0'
* used C++ compiler: 'g++.exe (GCC) 13.3.0'
Flavor: r-oldrel-windows-x86_64