CRAN Package Check Results for Package eratosthenes

Last updated on 2025-07-01 20:50:56 CEST.

Flavor Version Tinstall Tcheck Ttotal Status Flags
r-devel-linux-x86_64-debian-clang 0.0.9 18.37 93.01 111.38 OK
r-devel-linux-x86_64-debian-gcc 0.0.9 11.06 67.01 78.07 OK
r-devel-linux-x86_64-fedora-clang 0.0.2 80.58 NOTE
r-devel-linux-x86_64-fedora-gcc 0.0.9 199.84 OK
r-devel-windows-x86_64 0.0.9 21.00 125.00 146.00 OK
r-patched-linux-x86_64 OK
r-release-linux-x86_64 0.0.9 17.14 85.51 102.65 OK
r-release-macos-arm64 0.0.2 47.00 OK
r-release-macos-x86_64 0.0.9 117.00 OK
r-release-windows-x86_64 0.0.2 17.00 67.00 84.00 OK
r-oldrel-macos-arm64 0.0.2 38.00 OK
r-oldrel-macos-x86_64 0.0.9 117.00 OK
r-oldrel-windows-x86_64 0.0.9 26.00 151.00 177.00 OK

Check Details

Version: 0.0.2
Check: dependencies in R code
Result: NOTE Namespace in Imports field not imported from: ‘Rdpack’ All declared Imports should be used. Flavor: r-devel-linux-x86_64-fedora-clang