Last updated on 2025-01-21 07:49:11 CET.
Flavor | Version | Tinstall | Tcheck | Ttotal | Status | Flags |
---|---|---|---|---|---|---|
r-devel-linux-x86_64-debian-clang | 1.0.4 | 22.62 | 31.45 | 54.07 | NOTE | |
r-devel-linux-x86_64-debian-gcc | 1.0.4 | 18.99 | 25.09 | 44.08 | NOTE | |
r-devel-linux-x86_64-fedora-clang | 1.0.4 | 99.13 | NOTE | |||
r-devel-linux-x86_64-fedora-gcc | 1.0.4 | 114.56 | NOTE | |||
r-devel-windows-x86_64 | 1.0.4 | 28.00 | 72.00 | 100.00 | NOTE | |
r-patched-linux-x86_64 | 1.0.4 | 25.69 | 29.17 | 54.86 | NOTE | |
r-release-linux-x86_64 | 1.0.4 | 26.89 | 29.11 | 56.00 | NOTE | |
r-release-macos-arm64 | 1.0.4 | 35.00 | NOTE | |||
r-release-macos-x86_64 | 1.0.4 | 49.00 | NOTE | |||
r-release-windows-x86_64 | 1.0.4 | 27.00 | 72.00 | 99.00 | NOTE | |
r-oldrel-macos-arm64 | 1.0.4 | 37.00 | NOTE | |||
r-oldrel-macos-x86_64 | 1.0.4 | 59.00 | NOTE | |||
r-oldrel-windows-x86_64 | 1.0.4 | 28.00 | 80.00 | 108.00 | NOTE |
Version: 1.0.4
Check: C++ specification
Result: NOTE
Specified C++11: please drop specification unless essential
Flavors: r-devel-linux-x86_64-debian-clang, r-devel-linux-x86_64-debian-gcc, r-devel-linux-x86_64-fedora-clang, r-devel-linux-x86_64-fedora-gcc, r-devel-windows-x86_64, r-patched-linux-x86_64, r-release-linux-x86_64, r-release-macos-arm64, r-release-macos-x86_64, r-release-windows-x86_64, r-oldrel-macos-arm64, r-oldrel-macos-x86_64, r-oldrel-windows-x86_64