Last updated on 2025-05-25 02:50:05 CEST.
Flavor | Version | Tinstall | Tcheck | Ttotal | Status | Flags |
---|---|---|---|---|---|---|
r-devel-linux-x86_64-debian-clang | 1.2.8 | 6.38 | 28.67 | 35.05 | NOTE | |
r-devel-linux-x86_64-debian-gcc | 1.2.8 | 5.02 | 22.68 | 27.70 | NOTE | |
r-devel-linux-x86_64-fedora-clang | 1.2.8 | 54.57 | OK | |||
r-devel-linux-x86_64-fedora-gcc | 1.2.8 | 56.26 | OK | |||
r-devel-windows-x86_64 | 1.2.8 | 12.00 | 104.00 | 116.00 | OK | |
r-patched-linux-x86_64 | 1.2.8 | 5.89 | 27.40 | 33.29 | OK | |
r-release-linux-x86_64 | 1.2.8 | 6.95 | 27.84 | 34.79 | OK | |
r-release-macos-arm64 | 1.2.8 | 25.00 | OK | |||
r-release-macos-x86_64 | 1.2.8 | 37.00 | OK | |||
r-release-windows-x86_64 | 1.2.8 | 10.00 | 53.00 | 63.00 | OK | |
r-oldrel-macos-arm64 | 1.2.8 | 20.00 | OK | |||
r-oldrel-macos-x86_64 | 1.2.8 | 31.00 | OK | |||
r-oldrel-windows-x86_64 | 1.2.8 | 13.00 | 59.00 | 72.00 | OK |
Version: 1.2.8
Check: CRAN incoming feasibility
Result: NOTE
Maintainer: ‘Andrea Rau <andrea.rau@inra.fr>’
No Authors@R field in DESCRIPTION.
Please add one, modifying
Authors@R: person(given = "Andrea",
family = "Rau",
role = c("aut", "cre"),
email = "andrea.rau@inra.fr")
as necessary.
Flavors: r-devel-linux-x86_64-debian-clang, r-devel-linux-x86_64-debian-gcc