CRAN Package Check Results for Package dydea

Last updated on 2025-05-25 22:51:19 CEST.

Flavor Version Tinstall Tcheck Ttotal Status Flags
r-devel-linux-x86_64-debian-clang 0.1.0 2.10 28.65 30.75 OK
r-devel-linux-x86_64-debian-gcc 0.1.0 1.59 22.26 23.85 OK
r-devel-linux-x86_64-fedora-clang 0.1.0 50.95 OK
r-devel-linux-x86_64-fedora-gcc 0.1.0 45.06 OK
r-devel-windows-x86_64 0.1.0 3.00 92.00 95.00 OK
r-patched-linux-x86_64 0.1.0 2.07 27.04 29.11 OK
r-release-linux-x86_64 0.1.0 1.75 26.78 28.53 OK
r-release-macos-arm64 0.1.0 23.00 OK
r-release-macos-x86_64 0.1.0 35.00 OK
r-release-windows-x86_64 0.1.0 3.00 52.00 55.00 OK
r-oldrel-macos-arm64 0.1.0 20.00 NOTE
r-oldrel-macos-x86_64 0.1.0 28.00 NOTE
r-oldrel-windows-x86_64 0.1.0 3.00 55.00 58.00 NOTE

Check Details

Version: 0.1.0
Check: LazyData
Result: NOTE 'LazyData' is specified without a 'data' directory Flavors: r-oldrel-macos-arm64, r-oldrel-macos-x86_64, r-oldrel-windows-x86_64