Last updated on 2025-05-25 04:50:17 CEST.
Flavor | Version | Tinstall | Tcheck | Ttotal | Status | Flags |
---|---|---|---|---|---|---|
r-devel-linux-x86_64-debian-clang | 0.1.0 | 2.93 | 30.58 | 33.51 | NOTE | |
r-devel-linux-x86_64-debian-gcc | 0.1.0 | 2.12 | 23.34 | 25.46 | NOTE | |
r-devel-linux-x86_64-fedora-clang | 0.1.0 | 53.33 | NOTE | |||
r-devel-linux-x86_64-fedora-gcc | 0.1.0 | 49.91 | NOTE | |||
r-devel-windows-x86_64 | 0.1.0 | 5.00 | 94.00 | 99.00 | NOTE | |
r-patched-linux-x86_64 | 0.1.0 | 2.46 | 28.91 | 31.37 | NOTE | |
r-release-linux-x86_64 | 0.1.0 | 2.38 | 29.32 | 31.70 | NOTE | |
r-release-macos-arm64 | 0.1.0 | 22.00 | NOTE | |||
r-release-macos-x86_64 | 0.1.0 | 33.00 | NOTE | |||
r-release-windows-x86_64 | 0.1.0 | 4.00 | 56.00 | 60.00 | NOTE | |
r-oldrel-macos-arm64 | 0.1.0 | 20.00 | NOTE | |||
r-oldrel-macos-x86_64 | 0.1.0 | 28.00 | NOTE | |||
r-oldrel-windows-x86_64 | 0.1.0 | 4.00 | 58.00 | 62.00 | NOTE |
Version: 0.1.0
Check: CRAN incoming feasibility
Result: NOTE
Maintainer: ‘Taha Zaghdoudi <zedtaha@gmail.com>’
No Authors@R field in DESCRIPTION.
Please add one, modifying
Authors@R: person(given = "Taha",
family = "Zaghdoudi",
role = c("aut", "cre"),
email = "zedtaha@gmail.com")
as necessary.
Flavors: r-devel-linux-x86_64-debian-clang, r-devel-linux-x86_64-debian-gcc
Version: 0.1.0
Check: Rd files
Result: NOTE
checkRd: (-1) Mena.Rd:14: Lost braces in \itemize; meant \describe ?
checkRd: (-1) Mena.Rd:15: Lost braces in \itemize; meant \describe ?
checkRd: (-1) Mena.Rd:16: Lost braces in \itemize; meant \describe ?
checkRd: (-1) Mena.Rd:17: Lost braces in \itemize; meant \describe ?
checkRd: (-1) Mena.Rd:18: Lost braces in \itemize; meant \describe ?
checkRd: (-1) Mena.Rd:19: Lost braces in \itemize; meant \describe ?
Flavors: r-devel-linux-x86_64-debian-clang, r-devel-linux-x86_64-debian-gcc, r-devel-linux-x86_64-fedora-clang, r-devel-linux-x86_64-fedora-gcc, r-devel-windows-x86_64, r-patched-linux-x86_64, r-release-linux-x86_64, r-release-macos-arm64, r-release-macos-x86_64, r-release-windows-x86_64, r-oldrel-macos-arm64, r-oldrel-macos-x86_64, r-oldrel-windows-x86_64