CRAN Package Check Results for Package dlnm

Last updated on 2025-05-24 22:50:02 CEST.

Flavor Version Tinstall Tcheck Ttotal Status Flags
r-devel-linux-x86_64-debian-clang 2.4.10 9.03 104.77 113.80 OK
r-devel-linux-x86_64-debian-gcc 2.4.10 6.47 78.94 85.41 OK
r-devel-linux-x86_64-fedora-clang 2.4.10 171.04 OK
r-devel-linux-x86_64-fedora-gcc 2.4.10 180.35 OK
r-devel-windows-x86_64 2.4.10 9.00 275.00 284.00 OK
r-patched-linux-x86_64 2.4.10 9.44 98.84 108.28 OK
r-release-linux-x86_64 2.4.10 8.92 98.82 107.74 OK
r-release-macos-arm64 2.4.10 70.00 OK
r-release-macos-x86_64 2.4.10 122.00 OK
r-release-windows-x86_64 2.4.10 9.00 0.00 9.00 FAIL
r-oldrel-macos-arm64 2.4.10 72.00 OK
r-oldrel-macos-x86_64 2.4.10 150.00 OK
r-oldrel-windows-x86_64 2.4.10 13.00 201.00 214.00 OK

Check Details

Version: 2.4.10
Check: PDF version of manual
Result: FAIL Check process probably crashed or hung up for 20 minutes ... killed Most likely this happened in the example checks (?), if not, ignore the following last lines of example output: > summary(b) BASIS FUNCTION observations: 5114 range: -3.049835 356.1768 df: 1 fun: thr thr.value: 20 side: h intercept: FALSE > model <- glm(death ~ b, family=quasipoisson(), chicagoNMMAPS) > pred <- crosspred(b, model, at=0:60) > plot(pred, xlab="PM10", ylab="RR", main="RR for PM10") > > > > ### * <FOOTER> > ### > cleanEx() > options(digits = 7L) > base::cat("Time elapsed: ", proc.time() - base::get("ptime", pos = 'CheckExEnv'),"\n") Time elapsed: 7.4 0.78 8.19 NA NA > grDevices::dev.off() null device 1 > ### > ### Local variables: *** > ### mode: outline-minor *** > ### outline-regexp: "\\(> \\)?### [*]+" *** > ### End: *** > quit('no') ======== End of example output (where/before crash/hang up occured ?) ======== Flavor: r-release-windows-x86_64